CRAN Package Check Results for Package sdcHierarchies

Last updated on 2021-04-11 20:47:22 CEST.

Flavor Version Tinstall Tcheck Ttotal Status Flags
r-devel-linux-x86_64-debian-clang 0.18.3 6.47 58.92 65.39 NOTE
r-devel-linux-x86_64-debian-gcc 0.18.3 4.35 44.56 48.91 NOTE
r-devel-linux-x86_64-fedora-clang 0.18.3 86.07 NOTE
r-devel-linux-x86_64-fedora-gcc 0.18.3 75.29 NOTE
r-devel-windows-ix86+x86_64 0.18.3 13.00 81.00 94.00 NOTE
r-devel-windows-x86_64-gcc10-UCRT 0.18.3 NOTE
r-patched-linux-x86_64 0.18.3 5.07 54.27 59.34 OK
r-patched-solaris-x86 0.18.3 111.40 OK
r-release-linux-x86_64 0.18.3 3.59 54.20 57.79 OK
r-release-macos-x86_64 0.18.3 OK
r-release-windows-ix86+x86_64 0.18.3 13.00 83.00 96.00 OK
r-oldrel-macos-x86_64 0.18.3 OK
r-oldrel-windows-ix86+x86_64 0.18.3 10.00 56.00 66.00 OK

Check Details

Version: 0.18.3
Check: LazyData
Result: NOTE
     'LazyData' is specified without a 'data' directory
Flavors: r-devel-linux-x86_64-debian-clang, r-devel-linux-x86_64-debian-gcc, r-devel-linux-x86_64-fedora-clang, r-devel-linux-x86_64-fedora-gcc, r-devel-windows-ix86+x86_64, r-devel-windows-x86_64-gcc10-UCRT