CRAN Package Check Results for Package sdcMicro

Last updated on 2020-02-19 20:48:34 CET.

Flavor Version Tinstall Tcheck Ttotal Status Flags
r-devel-linux-x86_64-debian-clang 5.5.1 69.61 225.53 295.14 OK
r-devel-linux-x86_64-debian-gcc 5.5.1 46.14 282.96 329.10 OK
r-devel-linux-x86_64-fedora-clang 5.5.1 329.10 OK
r-devel-linux-x86_64-fedora-gcc 5.5.1 416.08 OK
r-devel-windows-ix86+x86_64 5.5.1 124.00 263.00 387.00 OK
r-devel-windows-ix86+x86_64-gcc8 5.5.0 180.00 273.00 453.00 NOTE
r-patched-linux-x86_64 5.5.1 50.74 215.93 266.67 OK
r-patched-solaris-x86 5.5.1 303.30 OK
r-release-linux-x86_64 5.5.1 52.82 216.44 269.26 OK
r-release-windows-ix86+x86_64 5.5.1 116.00 251.00 367.00 OK
r-release-osx-x86_64 5.5.1 OK
r-oldrel-windows-ix86+x86_64 5.5.1 146.00 258.00 404.00 OK
r-oldrel-osx-x86_64 5.5.1 OK

Check Details

Version: 5.5.0
Check: installed package size
Result: NOTE
     installed size is 5.1Mb
     sub-directories of 1Mb or more:
     libs 2.3Mb
Flavor: r-devel-windows-ix86+x86_64-gcc8