CRAN Package Check Results for Package sdcTable

Last updated on 2018-05-23 13:48:59 CEST.

Flavor Version Tinstall Tcheck Ttotal Status Flags
r-devel-linux-x86_64-debian-clang 0.22.8 52.27 79.01 131.28 OK
r-devel-linux-x86_64-debian-gcc 0.22.8 46.43 57.82 104.25 OK
r-devel-linux-x86_64-fedora-clang 0.22.8 169.23 OK
r-devel-linux-x86_64-fedora-gcc 0.22.8 156.65 OK
r-devel-windows-ix86+x86_64 0.22.8 121.00 159.00 280.00 NOTE
r-patched-linux-x86_64 0.22.8 57.42 69.67 127.09 OK
r-patched-solaris-x86 0.22.8 178.90 OK
r-release-linux-x86_64 0.22.8 51.03 69.91 120.94 OK
r-release-windows-ix86+x86_64 0.22.8 120.00 110.00 230.00 NOTE
r-release-osx-x86_64 0.22.8 ERROR
r-oldrel-windows-ix86+x86_64 0.22.8 91.00 158.00 249.00 OK
r-oldrel-osx-x86_64 0.22.8 ERROR

Check Details

Version: 0.22.8
Check: installed package size
Result: NOTE
     installed size is 5.2Mb
     sub-directories of 1Mb or more:
     R 1.2Mb
     libs 3.5Mb
Flavors: r-devel-windows-ix86+x86_64, r-release-windows-ix86+x86_64

Version: 0.22.8
Check: package dependencies
Result: ERROR
    Package required but not available: ‘Rglpk’
    
    See section ‘The DESCRIPTION file’ in the ‘Writing R Extensions’
    manual.
Flavors: r-release-osx-x86_64, r-oldrel-osx-x86_64