CRAN Package Check Results for Package sdcTable

Last updated on 2019-02-15 22:46:56 CET.

Flavor Version Tinstall Tcheck Ttotal Status Flags
r-devel-linux-x86_64-debian-clang 0.26 56.53 120.56 177.09 OK
r-devel-linux-x86_64-debian-gcc 0.26 48.92 100.74 149.66 OK
r-devel-linux-x86_64-fedora-clang 0.26 223.50 NOTE
r-devel-linux-x86_64-fedora-gcc 0.26 203.14 OK
r-devel-windows-ix86+x86_64 0.26 132.00 225.00 357.00 NOTE
r-patched-linux-x86_64 0.26 57.98 111.87 169.85 OK
r-patched-solaris-x86 0.26 235.50 WARN
r-release-linux-x86_64 0.26 55.70 114.15 169.85 OK
r-release-windows-ix86+x86_64 0.26 104.00 220.00 324.00 NOTE
r-release-osx-x86_64 0.26 WARN
r-oldrel-windows-ix86+x86_64 0.26 129.00 394.00 523.00 NOTE
r-oldrel-osx-x86_64 0.26 WARN

Check Details

Version: 0.26
Check: installed package size
Result: NOTE
     installed size is 7.1Mb
     sub-directories of 1Mb or more:
     R 1.3Mb
     doc 3.2Mb
     libs 2.3Mb
Flavors: r-devel-linux-x86_64-fedora-clang, r-devel-windows-ix86+x86_64, r-patched-solaris-x86, r-release-windows-ix86+x86_64, r-release-osx-x86_64, r-oldrel-windows-ix86+x86_64, r-oldrel-osx-x86_64

Version: 0.26
Check: re-building of vignette outputs
Result: WARN
    Error in re-building vignettes:
     ...
    Warning in engine$weave(file, quiet = quiet, encoding = enc) :
     Pandoc (>= 1.12.3) and/or pandoc-citeproc not available. Falling back to R Markdown v1.
    Quitting from lines 238-239 (sdcTable.rmd)
    Error: processing vignette 'sdcTable.rmd' failed with diagnostics:
    cannot open the connection
    Execution halted
Flavors: r-patched-solaris-x86, r-release-osx-x86_64, r-oldrel-osx-x86_64