CRAN Package Check Results for Package sdcTable

Last updated on 2018-11-15 06:47:38 CET.

Flavor Version Tinstall Tcheck Ttotal Status Flags
r-devel-linux-x86_64-debian-clang 0.25 58.53 115.09 173.62 OK
r-devel-linux-x86_64-debian-gcc 0.25 51.72 88.09 139.81 OK
r-devel-linux-x86_64-fedora-clang 0.25 219.42 NOTE
r-devel-linux-x86_64-fedora-gcc 0.25 213.93 NOTE
r-devel-windows-ix86+x86_64 0.25 113.00 185.00 298.00 NOTE
r-patched-linux-x86_64 0.24 50.18 100.65 150.83 OK
r-patched-solaris-x86 0.25 220.30 WARN
r-release-linux-x86_64 0.24 59.47 99.22 158.69 OK
r-release-windows-ix86+x86_64 0.24 139.00 175.00 314.00 NOTE
r-release-osx-x86_64 0.24 WARN
r-oldrel-windows-ix86+x86_64 0.24 123.00 173.00 296.00 NOTE
r-oldrel-osx-x86_64 0.24 WARN

Check Details

Version: 0.25
Check: installed package size
Result: NOTE
     installed size is 7.1Mb
     sub-directories of 1Mb or more:
     R 1.3Mb
     doc 3.2Mb
     libs 2.4Mb
Flavors: r-devel-linux-x86_64-fedora-clang, r-devel-windows-ix86+x86_64, r-patched-solaris-x86

Version: 0.25
Check: dependencies in R code
Result: NOTE
    Namespace in Imports field not imported from: 'knitr'
     All declared Imports should be used.
Flavors: r-devel-linux-x86_64-fedora-clang, r-devel-linux-x86_64-fedora-gcc, r-patched-solaris-x86

Version: 0.25
Check: re-building of vignette outputs
Result: WARN
    Error in re-building vignettes:
     ...
    Warning in engine$weave(file, quiet = quiet, encoding = enc) :
     Pandoc (>= 1.12.3) and/or pandoc-citeproc not available. Falling back to R Markdown v1.
    Quitting from lines 238-239 (sdcTable.rmd)
    Error: processing vignette 'sdcTable.rmd' failed with diagnostics:
    cannot open the connection
    Execution halted
Flavor: r-patched-solaris-x86

Version: 0.24
Check: installed package size
Result: NOTE
     installed size is 7.4Mb
     sub-directories of 1Mb or more:
     R 1.2Mb
     doc 2.4Mb
     libs 3.5Mb
Flavors: r-release-windows-ix86+x86_64, r-release-osx-x86_64, r-oldrel-windows-ix86+x86_64, r-oldrel-osx-x86_64

Version: 0.24
Check: dependencies in R code
Result: NOTE
    Namespace in Imports field not imported from: 'knitr'
     All declared Imports should be used.
Flavors: r-release-osx-x86_64, r-oldrel-osx-x86_64

Version: 0.24
Check: re-building of vignette outputs
Result: WARN
    Error in re-building vignettes:
     ...
    Warning in engine$weave(file, quiet = quiet, encoding = enc) :
     Pandoc (>= 1.12.3) and/or pandoc-citeproc not available. Falling back to R Markdown v1.
    Quitting from lines 238-239 (sdcTable.rmd)
    Error: processing vignette 'sdcTable.rmd' failed with diagnostics:
    cannot open the connection
    Execution halted
Flavors: r-release-osx-x86_64, r-oldrel-osx-x86_64