CRAN Package Check Results for Package sdcTable

Last updated on 2018-02-21 07:47:52 CET.

Flavor Version Tinstall Tcheck Ttotal Status Flags
r-devel-linux-x86_64-debian-clang 0.22.8 52.49 73.63 126.12 OK
r-devel-linux-x86_64-debian-gcc 0.22.8 41.00 55.77 96.77 OK
r-devel-linux-x86_64-fedora-clang 0.22.8 162.69 OK
r-devel-linux-x86_64-fedora-gcc 0.22.8 156.35 OK
r-devel-windows-ix86+x86_64 0.22.8 80.00 113.00 193.00 NOTE
r-patched-linux-x86_64 0.22.8 33.37 79.49 112.86 OK
r-patched-solaris-x86 0.22.8 156.30 OK
r-release-linux-x86_64 0.22.8 36.98 80.62 117.60 OK
r-release-windows-ix86+x86_64 0.22.8 98.00 151.00 249.00 OK
r-release-osx-x86_64 0.22.8 ERROR
r-oldrel-windows-ix86+x86_64 0.22.8 101.00 131.00 232.00 OK
r-oldrel-osx-x86_64 0.22.8 OK

Check Details

Version: 0.22.8
Check: installed package size
Result: NOTE
     installed size is 5.2Mb
     sub-directories of 1Mb or more:
     R 1.2Mb
     libs 3.5Mb
Flavor: r-devel-windows-ix86+x86_64

Version: 0.22.8
Check: package dependencies
Result: ERROR
    Package required but not available: ‘Rglpk’
    
    See section ‘The DESCRIPTION file’ in the ‘Writing R Extensions’
    manual.
Flavor: r-release-osx-x86_64