CRAN Package Check Results for Package sdcTable

Last updated on 2018-08-21 10:50:42 CEST.

Flavor Version Tinstall Tcheck Ttotal Status Flags
r-devel-linux-x86_64-debian-clang 0.24 52.18 113.52 165.70 OK
r-devel-linux-x86_64-debian-gcc 0.24 51.51 87.89 139.40 OK
r-devel-linux-x86_64-fedora-clang 0.24 211.87 NOTE
r-devel-linux-x86_64-fedora-gcc 0.24 218.87 NOTE
r-devel-windows-ix86+x86_64 0.24 147.00 243.00 390.00 NOTE
r-patched-linux-x86_64 0.24 64.20 98.90 163.10 OK
r-patched-solaris-x86 0.24 244.40 WARN
r-release-linux-x86_64 0.24 63.04 99.00 162.04 OK
r-release-windows-ix86+x86_64 0.24 136.00 152.00 288.00 NOTE
r-release-osx-x86_64 0.24 WARN
r-oldrel-windows-ix86+x86_64 0.24 79.00 151.00 230.00 NOTE
r-oldrel-osx-x86_64 0.24 WARN

Check Details

Version: 0.24
Check: installed package size
Result: NOTE
     installed size is 6.3Mb
     sub-directories of 1Mb or more:
     R 1.3Mb
     doc 2.4Mb
     libs 2.3Mb
Flavors: r-devel-linux-x86_64-fedora-clang, r-devel-windows-ix86+x86_64, r-release-windows-ix86+x86_64, r-release-osx-x86_64, r-oldrel-windows-ix86+x86_64, r-oldrel-osx-x86_64

Version: 0.24
Check: dependencies in R code
Result: NOTE
    Namespace in Imports field not imported from: 'knitr'
     All declared Imports should be used.
Flavors: r-devel-linux-x86_64-fedora-clang, r-devel-linux-x86_64-fedora-gcc, r-patched-solaris-x86, r-release-osx-x86_64, r-oldrel-osx-x86_64

Version: 0.24
Check: re-building of vignette outputs
Result: WARN
    Error in re-building vignettes:
     ...
    Warning in engine$weave(file, quiet = quiet, encoding = enc) :
     Pandoc (>= 1.12.3) and/or pandoc-citeproc not available. Falling back to R Markdown v1.
    Quitting from lines 238-239 (sdcTable.rmd)
    Error: processing vignette 'sdcTable.rmd' failed with diagnostics:
    cannot open the connection
    Execution halted
Flavors: r-patched-solaris-x86, r-release-osx-x86_64, r-oldrel-osx-x86_64