CRAN Package Check Results for Package sdcTarget

Last updated on 2019-09-21 07:49:23 CEST.

Flavor Version Tinstall Tcheck Ttotal Status Flags
r-devel-linux-x86_64-debian-clang 0.9-11 4.90 30.77 35.67 NOTE
r-devel-linux-x86_64-debian-gcc 0.9-11 5.44 24.77 30.21 NOTE
r-devel-linux-x86_64-fedora-clang 0.9-11 44.96 NOTE
r-devel-linux-x86_64-fedora-gcc 0.9-11 44.58 NOTE
r-devel-windows-ix86+x86_64 0.9-11 15.00 52.00 67.00 NOTE
r-patched-linux-x86_64 0.9-11 5.38 29.90 35.28 NOTE
r-patched-solaris-x86 0.9-11 72.90 NOTE
r-release-linux-x86_64 0.9-11 6.22 30.41 36.63 NOTE
r-release-windows-ix86+x86_64 0.9-11 8.00 48.00 56.00 NOTE
r-release-osx-x86_64 0.9-11 NOTE
r-oldrel-windows-ix86+x86_64 0.9-11 7.00 49.00 56.00 NOTE
r-oldrel-osx-x86_64 0.9-11 NOTE

Check Details

Version: 0.9-11
Check: R code for possible problems
Result: NOTE
    estimateTimeToComputeTargetDefinition: no visible global function
     definition for 'flush.console'
    estimateTimeToComputeTargetDefinition: no visible global function
     definition for 'combn'
    initialize,sdcTargetDefinitionClass: no visible global function
     definition for 'flush.console'
    initialize,sdcTargetDefinitionClass: no visible global function
     definition for 'combn'
    initialize,sdcTargetDefinitionClass: no visible global function
     definition for 'quantile'
    initialize,sdcTargetMatrixClass: no visible global function definition
     for 'flush.console'
    Undefined global functions or variables:
     combn flush.console quantile
    Consider adding
     importFrom("stats", "quantile")
     importFrom("utils", "combn", "flush.console")
    to your NAMESPACE file.
Flavors: r-devel-linux-x86_64-debian-clang, r-devel-linux-x86_64-debian-gcc, r-devel-linux-x86_64-fedora-clang, r-devel-linux-x86_64-fedora-gcc, r-devel-windows-ix86+x86_64, r-patched-linux-x86_64, r-patched-solaris-x86, r-release-linux-x86_64, r-release-windows-ix86+x86_64, r-release-osx-x86_64, r-oldrel-windows-ix86+x86_64, r-oldrel-osx-x86_64