CRAN Package Check Results for Package sdcTarget

Last updated on 2020-02-24 14:48:17 CET.

Flavor Version Tinstall Tcheck Ttotal Status Flags
r-devel-linux-x86_64-debian-clang 0.9-11 5.93 33.95 39.88 NOTE
r-devel-linux-x86_64-debian-gcc 0.9-11 5.45 26.54 31.99 NOTE
r-devel-linux-x86_64-fedora-clang 0.9-11 51.95 NOTE
r-devel-linux-x86_64-fedora-gcc 0.9-11 48.17 NOTE
r-devel-windows-ix86+x86_64 0.9-11 10.00 49.00 59.00 NOTE
r-devel-windows-ix86+x86_64-gcc8 0.9-11 16.00 51.00 67.00 NOTE
r-patched-linux-x86_64 0.9-11 NOTE
r-patched-solaris-x86 0.9-11 72.30 NOTE
r-release-linux-x86_64 0.9-11 5.47 30.26 35.73 NOTE
r-release-windows-ix86+x86_64 0.9-11 9.00 46.00 55.00 NOTE
r-release-osx-x86_64 0.9-11 NOTE
r-oldrel-windows-ix86+x86_64 0.9-11 8.00 49.00 57.00 NOTE
r-oldrel-osx-x86_64 0.9-11 NOTE

Check Details

Version: 0.9-11
Check: R code for possible problems
Result: NOTE
    estimateTimeToComputeTargetDefinition: no visible global function
     definition for 'flush.console'
    estimateTimeToComputeTargetDefinition: no visible global function
     definition for 'combn'
    initialize,sdcTargetDefinitionClass: no visible global function
     definition for 'flush.console'
    initialize,sdcTargetDefinitionClass: no visible global function
     definition for 'combn'
    initialize,sdcTargetDefinitionClass: no visible global function
     definition for 'quantile'
    initialize,sdcTargetMatrixClass: no visible global function definition
     for 'flush.console'
    Undefined global functions or variables:
     combn flush.console quantile
    Consider adding
     importFrom("stats", "quantile")
     importFrom("utils", "combn", "flush.console")
    to your NAMESPACE file.
Flavors: r-devel-linux-x86_64-debian-clang, r-devel-linux-x86_64-debian-gcc, r-devel-linux-x86_64-fedora-clang, r-devel-linux-x86_64-fedora-gcc, r-devel-windows-ix86+x86_64, r-devel-windows-ix86+x86_64-gcc8, r-patched-linux-x86_64, r-patched-solaris-x86, r-release-linux-x86_64, r-release-windows-ix86+x86_64, r-release-osx-x86_64, r-oldrel-windows-ix86+x86_64, r-oldrel-osx-x86_64