CRAN Package Check Results for Package seagull

Last updated on 2022-05-28 12:54:13 CEST.

Flavor Version Tinstall Tcheck Ttotal Status Flags
r-devel-linux-x86_64-debian-clang 1.1.0 160.19 67.04 227.23 OK
r-devel-linux-x86_64-debian-gcc 1.1.0 137.89 51.25 189.14 OK
r-devel-linux-x86_64-fedora-clang 1.1.0 352.82 OK
r-devel-linux-x86_64-fedora-gcc 1.1.0 308.03 OK
r-devel-windows-x86_64 1.1.0 130.00 111.00 241.00 OK
r-patched-linux-x86_64 1.1.0 146.28 65.01 211.29 OK
r-release-linux-x86_64 1.1.0 151.13 65.83 216.96 OK
r-release-macos-arm64 1.1.0 78.00 NOTE
r-release-macos-x86_64 1.1.0 97.00 NOTE
r-release-windows-x86_64 1.1.0 130.00 114.00 244.00 OK
r-oldrel-macos-arm64 1.1.0 81.00 NOTE
r-oldrel-macos-x86_64 1.1.0 145.00 NOTE
r-oldrel-windows-ix86+x86_64 1.1.0 428.00 122.00 550.00 OK

Check Details

Version: 1.1.0
Check: installed package size
Result: NOTE
     installed size is 5.7Mb
     sub-directories of 1Mb or more:
     libs 5.0Mb
Flavors: r-release-macos-arm64, r-release-macos-x86_64, r-oldrel-macos-arm64, r-oldrel-macos-x86_64