Last updated on 2023-09-28 12:59:27 CEST.
Flavor | Version | Tinstall | Tcheck | Ttotal | Status | Flags |
---|---|---|---|---|---|---|
r-devel-linux-x86_64-debian-clang | 0.4.0 | 3.68 | 42.37 | 46.05 | NOTE | |
r-devel-linux-x86_64-debian-gcc | 0.4.0 | 3.78 | 33.26 | 37.04 | NOTE | |
r-devel-linux-x86_64-fedora-clang | 0.4.0 | 60.28 | NOTE | |||
r-devel-linux-x86_64-fedora-gcc | 0.4.0 | 69.21 | NOTE | |||
r-devel-windows-x86_64 | 0.4.0 | 6.00 | 63.00 | 69.00 | NOTE | |
r-patched-linux-x86_64 | 0.4.0 | 4.17 | 41.76 | 45.93 | NOTE | |
r-release-linux-x86_64 | 0.4.0 | 4.23 | 42.20 | 46.43 | NOTE | |
r-release-macos-arm64 | 0.4.0 | 30.00 | NOTE | |||
r-release-macos-x86_64 | 0.4.0 | 46.00 | NOTE | |||
r-release-windows-x86_64 | 0.4.0 | 7.00 | 70.00 | 77.00 | NOTE | |
r-oldrel-macos-arm64 | 0.4.0 | 23.00 | NOTE | |||
r-oldrel-macos-x86_64 | 0.4.0 | 32.00 | NOTE | |||
r-oldrel-windows-x86_64 | 0.4.0 | 8.00 | 58.00 | 66.00 | NOTE |
Version: 0.4.0
Check: Rd \usage sections
Result: NOTE
Documented arguments not in \usage in documentation object 'parse_search_analytics':
‘pn’
Functions with \usage entries need to have the appropriate \alias
entries, and all their arguments documented.
The \usage entries must correspond to syntactically valid R code.
See chapter ‘Writing R documentation files’ in the ‘Writing R
Extensions’ manual.
Flavors: r-devel-linux-x86_64-debian-clang, r-devel-linux-x86_64-debian-gcc, r-devel-linux-x86_64-fedora-clang, r-devel-linux-x86_64-fedora-gcc, r-devel-windows-x86_64
Version: 0.4.0
Check: LazyData
Result: NOTE
'LazyData' is specified without a 'data' directory
Flavors: r-devel-linux-x86_64-debian-clang, r-devel-linux-x86_64-debian-gcc, r-devel-linux-x86_64-fedora-clang, r-devel-linux-x86_64-fedora-gcc, r-devel-windows-x86_64, r-patched-linux-x86_64, r-release-linux-x86_64, r-release-macos-arm64, r-release-macos-x86_64, r-release-windows-x86_64, r-oldrel-macos-arm64, r-oldrel-macos-x86_64, r-oldrel-windows-x86_64