CRAN Package Check Results for Package seasonal

Last updated on 2021-04-16 23:48:18 CEST.

Flavor Version Tinstall Tcheck Ttotal Status Flags
r-devel-linux-x86_64-debian-clang 1.8.2 5.26 69.06 74.32 OK
r-devel-linux-x86_64-debian-gcc 1.8.2 5.01 53.40 58.41 OK
r-devel-linux-x86_64-fedora-clang 1.8.2 101.10 OK
r-devel-linux-x86_64-fedora-gcc 1.8.2 89.93 OK
r-devel-windows-ix86+x86_64 1.8.2 12.00 94.00 106.00 OK
r-devel-windows-x86_64-gcc10-UCRT 1.8.2 OK
r-patched-linux-x86_64 1.8.2 6.23 65.79 72.02 OK
r-patched-solaris-x86 1.8.2 6.30 ERROR
r-release-linux-x86_64 1.8.2 6.47 65.88 72.35 OK
r-release-macos-x86_64 1.8.2 OK
r-release-windows-ix86+x86_64 1.8.2 11.00 122.00 133.00 OK
r-oldrel-macos-x86_64 1.8.2 OK
r-oldrel-windows-ix86+x86_64 1.8.2 8.00 80.00 88.00 OK

Additional issues

M1mac

Check Details

Version: 1.8.2
Check: package dependencies
Result: ERROR
    Package required but not available: ‘x13binary’
    
    Package suggested but not available for checking: ‘seasonalview’
    
    See section ‘The DESCRIPTION file’ in the ‘Writing R Extensions’
    manual.
Flavor: r-patched-solaris-x86