CRAN Package Check Results for Package seastests

Last updated on 2021-04-10 14:48:09 CEST.

Flavor Version Tinstall Tcheck Ttotal Status Flags
r-devel-linux-x86_64-debian-clang 0.14.2 2.93 59.27 62.20 NOTE
r-devel-linux-x86_64-debian-gcc 0.14.2 2.54 43.84 46.38 NOTE
r-devel-linux-x86_64-fedora-clang 0.14.2 85.37 NOTE
r-devel-linux-x86_64-fedora-gcc 0.14.2 74.15 NOTE
r-devel-windows-ix86+x86_64 0.14.2 6.00 64.00 70.00 NOTE
r-devel-windows-x86_64-gcc10-UCRT 0.14.2 NOTE
r-patched-linux-x86_64 0.14.2 3.07 58.15 61.22 NOTE
r-patched-solaris-x86 0.14.2 116.00 OK
r-release-linux-x86_64 0.14.2 2.84 59.08 61.92 NOTE
r-release-macos-x86_64 0.14.2 OK
r-release-windows-ix86+x86_64 0.14.2 31.00 83.00 114.00 NOTE
r-oldrel-macos-x86_64 0.14.2 OK
r-oldrel-windows-ix86+x86_64 0.14.2 5.00 62.00 67.00 OK

Check Details

Version: 0.14.2
Check: LazyData
Result: NOTE
     'LazyData' is specified without a 'data' directory
Flavors: r-devel-linux-x86_64-debian-clang, r-devel-linux-x86_64-debian-gcc, r-devel-linux-x86_64-fedora-clang, r-devel-linux-x86_64-fedora-gcc, r-devel-windows-ix86+x86_64, r-devel-windows-x86_64-gcc10-UCRT

Version: 0.14.2
Check: package vignettes
Result: NOTE
    Package vignette with placeholder title 'Vignette Title':
     'seastests-vignette.Rmd'
Flavors: r-devel-linux-x86_64-debian-clang, r-devel-linux-x86_64-debian-gcc, r-devel-windows-ix86+x86_64, r-patched-linux-x86_64, r-release-linux-x86_64, r-release-windows-ix86+x86_64