CRAN Package Check Results for Package secr

Last updated on 2021-04-23 08:47:38 CEST.

Flavor Version Tinstall Tcheck Ttotal Status Flags
r-devel-linux-x86_64-debian-clang 4.3.3 326.15 320.46 646.61 NOTE
r-devel-linux-x86_64-debian-gcc 4.3.3 224.60 245.88 470.48 NOTE
r-devel-linux-x86_64-fedora-clang 4.3.3 848.85 NOTE
r-devel-linux-x86_64-fedora-gcc 4.3.3 813.22 NOTE
r-devel-windows-ix86+x86_64 4.3.3 775.00 546.00 1321.00 NOTE
r-devel-windows-x86_64-gcc10-UCRT 4.3.3 NOTE
r-patched-linux-x86_64 4.3.3 277.06 321.06 598.12 NOTE
r-patched-solaris-x86 4.3.3 827.80 NOTE
r-release-linux-x86_64 4.3.3 259.59 302.75 562.34 NOTE
r-release-macos-x86_64 4.3.3 NOTE
r-release-windows-ix86+x86_64 4.3.3 762.00 459.00 1221.00 NOTE
r-oldrel-macos-x86_64 4.3.3 NOTE
r-oldrel-windows-ix86+x86_64 4.3.3 625.00 488.00 1113.00 NOTE

Check Details

Version: 4.3.3
Check: for GNU extensions in Makefiles
Result: NOTE
    GNU make is a SystemRequirements.
Flavors: r-devel-linux-x86_64-debian-clang, r-devel-linux-x86_64-debian-gcc, r-devel-linux-x86_64-fedora-clang, r-devel-linux-x86_64-fedora-gcc, r-devel-windows-ix86+x86_64, r-devel-windows-x86_64-gcc10-UCRT, r-patched-linux-x86_64, r-patched-solaris-x86, r-release-linux-x86_64, r-release-macos-x86_64, r-release-windows-ix86+x86_64, r-oldrel-macos-x86_64, r-oldrel-windows-ix86+x86_64

Version: 4.3.3
Check: installed package size
Result: NOTE
     installed size is 18.4Mb
     sub-directories of 1Mb or more:
     R 1.4Mb
     libs 15.3Mb
Flavors: r-devel-linux-x86_64-fedora-clang, r-devel-windows-ix86+x86_64, r-release-macos-x86_64, r-release-windows-ix86+x86_64, r-oldrel-macos-x86_64, r-oldrel-windows-ix86+x86_64