CRAN Package Check Results for Package secr

Last updated on 2018-02-19 09:53:12 CET.

Flavor Version Tinstall Tcheck Ttotal Status Flags
r-devel-linux-x86_64-debian-clang 3.1.3 59.90 240.03 299.93 OK
r-devel-linux-x86_64-debian-gcc 3.1.3 50.46 202.29 252.75 OK
r-devel-linux-x86_64-fedora-clang 3.1.3 407.19 NOTE
r-devel-linux-x86_64-fedora-gcc 3.1.3 386.18 NOTE
r-devel-windows-ix86+x86_64 3.1.3 85.00 289.00 374.00 OK
r-patched-linux-x86_64 3.1.3 36.68 314.94 351.62 OK
r-patched-solaris-x86 3.1.3 545.90 OK
r-release-linux-x86_64 3.1.3 33.34 301.10 334.44 OK
r-release-windows-ix86+x86_64 3.1.3 95.00 350.00 445.00 OK
r-release-osx-x86_64 3.1.3 OK
r-oldrel-windows-ix86+x86_64 3.1.3 92.00 416.00 508.00 OK
r-oldrel-osx-x86_64 3.1.3 OK

Check Details

Version: 3.1.3
Check: installed package size
Result: NOTE
     installed size is 5.2Mb
     sub-directories of 1Mb or more:
     R 1.3Mb
     data 1.1Mb
     doc 1.2Mb
Flavors: r-devel-linux-x86_64-fedora-clang, r-devel-linux-x86_64-fedora-gcc