CRAN Package Check Results for Package secr

Last updated on 2018-08-21 08:49:11 CEST.

Flavor Version Tinstall Tcheck Ttotal Status Flags
r-devel-linux-x86_64-debian-clang 3.1.6 57.62 285.47 343.09 OK
r-devel-linux-x86_64-debian-gcc 3.1.6 54.93 225.92 280.85 OK
r-devel-linux-x86_64-fedora-clang 3.1.6 417.20 NOTE
r-devel-linux-x86_64-fedora-gcc 3.1.6 432.63 OK
r-devel-windows-ix86+x86_64 3.1.6 130.00 448.00 578.00 WARN
r-patched-linux-x86_64 3.1.6 65.47 267.45 332.92 OK
r-patched-solaris-x86 3.1.6 541.60 NOTE
r-release-linux-x86_64 3.1.6 55.66 266.31 321.97 OK
r-release-windows-ix86+x86_64 3.1.6 132.00 387.00 519.00 WARN
r-release-osx-x86_64 3.1.6 NOTE
r-oldrel-windows-ix86+x86_64 3.1.6 72.00 468.00 540.00 WARN
r-oldrel-osx-x86_64 3.1.6 OK

Check Details

Version: 3.1.6
Check: installed package size
Result: NOTE
     installed size is 5.2Mb
     sub-directories of 1Mb or more:
     R 1.3Mb
     data 1.1Mb
     doc 1.2Mb
Flavors: r-devel-linux-x86_64-fedora-clang, r-patched-solaris-x86, r-release-osx-x86_64

Version: 3.1.6
Check: re-building of vignette outputs
Result: WARN
    Error in re-building vignettes:
     ...
    This is secr 3.1.6. For overview type ?secr
    No errors found :-)
    Quitting from lines 239-241 (secr-datainput.Rmd)
    Error: processing vignette 'secr-datainput.Rmd' failed with diagnostics:
    cannot open URL 'https://www.otago.ac.nz/density/examples/stoat.xlsx'
    Execution halted
Flavors: r-devel-windows-ix86+x86_64, r-release-windows-ix86+x86_64, r-oldrel-windows-ix86+x86_64