CRAN Package Check Results for Package secr

Last updated on 2018-05-21 00:50:21 CEST.

Flavor Version Tinstall Tcheck Ttotal Status Flags
r-devel-linux-x86_64-debian-clang 3.1.6 55.72 261.80 317.52 OK
r-devel-linux-x86_64-debian-gcc 3.1.6 53.70 219.24 272.94 OK
r-devel-linux-x86_64-fedora-clang 3.1.6 335.23 NOTE
r-devel-linux-x86_64-fedora-gcc 3.1.6 256.04 NOTE
r-devel-windows-ix86+x86_64 3.1.6 135.00 467.00 602.00 OK
r-patched-linux-x86_64 3.1.6 56.81 266.14 322.95 OK
r-patched-solaris-x86 3.1.6 487.50 NOTE
r-release-linux-x86_64 3.1.6 59.08 263.97 323.05 OK
r-release-windows-ix86+x86_64 3.1.6 96.00 319.00 415.00 OK
r-release-osx-x86_64 3.1.6 NOTE
r-oldrel-windows-ix86+x86_64 3.1.6 78.00 348.00 426.00 OK
r-oldrel-osx-x86_64 3.1.5 OK

Check Details

Version: 3.1.6
Check: installed package size
Result: NOTE
     installed size is 5.2Mb
     sub-directories of 1Mb or more:
     R 1.3Mb
     data 1.1Mb
     doc 1.2Mb
Flavors: r-devel-linux-x86_64-fedora-clang, r-devel-linux-x86_64-fedora-gcc, r-patched-solaris-x86, r-release-osx-x86_64