CRAN Package Check Results for Package secsse

Last updated on 2020-01-27 04:48:26 CET.

Flavor Version Tinstall Tcheck Ttotal Status Flags
r-devel-linux-x86_64-debian-clang 2.0.0 5.26 41.70 46.96 OK
r-devel-linux-x86_64-debian-gcc 2.0.0 4.40 32.41 36.81 OK
r-devel-linux-x86_64-fedora-clang 2.0.0 57.69 OK
r-devel-linux-x86_64-fedora-gcc 2.0.0 58.77 OK
r-devel-windows-ix86+x86_64 2.0.0 16.00 90.00 106.00 NOTE
r-devel-windows-ix86+x86_64-gcc8 2.0.0 22.00 67.00 89.00 NOTE
r-patched-linux-x86_64 2.0.0 4.37 37.53 41.90 OK
r-patched-solaris-x86 2.0.0 75.30 OK
r-release-linux-x86_64 2.0.0 4.86 37.30 42.16 OK
r-release-windows-ix86+x86_64 2.0.0 12.00 58.00 70.00 NOTE
r-release-osx-x86_64 2.0.0 OK
r-oldrel-windows-ix86+x86_64 2.0.0 11.00 57.00 68.00 NOTE
r-oldrel-osx-x86_64 2.0.0 OK

Check Details

Version: 2.0.0
Check: package dependencies
Result: NOTE
    Package which this enhances but not available for checking: 'doMC'
Flavors: r-devel-windows-ix86+x86_64, r-devel-windows-ix86+x86_64-gcc8, r-release-windows-ix86+x86_64, r-oldrel-windows-ix86+x86_64