Last updated on 2021-03-07 21:48:59 CET.
Flavor | Version | Tinstall | Tcheck | Ttotal | Status | Flags |
---|---|---|---|---|---|---|
r-devel-linux-x86_64-debian-clang | 2.0.7 | 5.47 | 229.55 | 235.02 | OK | |
r-devel-linux-x86_64-debian-gcc | 2.0.7 | 4.57 | 177.14 | 181.71 | OK | |
r-devel-linux-x86_64-fedora-clang | 2.0.7 | 285.59 | OK | |||
r-devel-linux-x86_64-fedora-gcc | 2.0.7 | 279.77 | OK | |||
r-devel-windows-ix86+x86_64 | 2.0.7 | 12.00 | 378.00 | 390.00 | NOTE | |
r-devel-windows-x86_64-gcc10-UCRT | 2.0.7 | NOTE | ||||
r-patched-linux-x86_64 | 2.0.7 | 5.95 | 223.39 | 229.34 | OK | |
r-patched-solaris-x86 | 2.0.7 | 226.00 | OK | |||
r-release-linux-x86_64 | 2.0.7 | 4.87 | 220.21 | 225.08 | OK | |
r-release-macos-x86_64 | 2.0.7 | OK | ||||
r-release-windows-ix86+x86_64 | 2.0.7 | 11.00 | 324.00 | 335.00 | NOTE | |
r-oldrel-macos-x86_64 | 2.0.7 | OK | ||||
r-oldrel-windows-ix86+x86_64 | 2.0.7 | 9.00 | 314.00 | 323.00 | NOTE |
Version: 2.0.7
Check: package dependencies
Result: NOTE
Package which this enhances but not available for checking: 'doMC'
Flavors: r-devel-windows-ix86+x86_64, r-devel-windows-x86_64-gcc10-UCRT, r-release-windows-ix86+x86_64, r-oldrel-windows-ix86+x86_64