CRAN Package Check Results for Package seedr

Last updated on 2021-05-08 04:47:27 CEST.

Flavor Version Tinstall Tcheck Ttotal Status Flags
r-devel-linux-x86_64-debian-clang 0.3.0 3.16 36.94 40.10 OK
r-devel-linux-x86_64-debian-gcc 0.3.0 2.36 28.31 30.67 OK
r-devel-linux-x86_64-fedora-clang 0.3.0 60.55 OK
r-devel-linux-x86_64-fedora-gcc 0.3.0 50.15 OK
r-devel-windows-ix86+x86_64 0.3.0 7.00 5.00 12.00 ERROR
r-devel-windows-x86_64-gcc10-UCRT 0.3.0 OK
r-patched-linux-x86_64 0.3.0 3.25 35.16 38.41 OK
r-patched-solaris-x86 0.3.0 69.90 OK
r-release-linux-x86_64 0.3.0 2.83 34.39 37.22 OK
r-release-macos-x86_64 0.3.0 OK
r-release-windows-ix86+x86_64 0.3.0 4.00 40.00 44.00 OK
r-oldrel-macos-x86_64 0.3.0 ERROR

Check Details

Version: 0.3.0
Check: whether package can be installed
Result: ERROR
    Installation failed.
    See * DONE
Flavor: r-devel-windows-ix86+x86_64

Version: 0.3.0
Check: whether package can be installed
Result: ERROR
    Installation failed.
Flavor: r-oldrel-macos-x86_64