CRAN Package Check Results for Package seeds

Last updated on 2021-01-26 17:50:13 CET.

Flavor Version Tinstall Tcheck Ttotal Status Flags
r-devel-linux-x86_64-debian-clang 0.9.1 7.77 69.38 77.15 NOTE
r-devel-linux-x86_64-debian-gcc 0.9.1 6.78 52.52 59.30 NOTE
r-devel-linux-x86_64-fedora-clang 0.9.1 99.60 NOTE
r-devel-linux-x86_64-fedora-gcc 0.9.1 93.41 NOTE
r-devel-windows-ix86+x86_64 0.9.1 16.00 90.00 106.00 OK
r-patched-linux-x86_64 0.9.1 4.63 63.84 68.47 NOTE
r-patched-solaris-x86 0.9.1 120.60 NOTE
r-release-linux-x86_64 0.9.1 5.22 64.27 69.49 NOTE
r-release-macos-x86_64 0.9.1 NOTE
r-release-windows-ix86+x86_64 0.9.1 16.00 79.00 95.00 OK
r-oldrel-macos-x86_64 0.9.1 NOTE
r-oldrel-windows-ix86+x86_64 0.9.1 12.00 103.00 115.00 OK

Check Details

Version: 0.9.1
Check: package dependencies
Result: NOTE
    Package suggested but not available for checking: 'rsbml'
Flavors: r-devel-linux-x86_64-debian-clang, r-devel-linux-x86_64-debian-gcc, r-devel-linux-x86_64-fedora-clang, r-devel-linux-x86_64-fedora-gcc, r-patched-linux-x86_64, r-patched-solaris-x86, r-release-linux-x86_64, r-release-macos-x86_64, r-oldrel-macos-x86_64