CRAN Package Check Results for Package seg

Last updated on 2022-12-08 23:00:00 CET.

Flavor Version Tinstall Tcheck Ttotal Status Flags
r-devel-linux-x86_64-debian-clang 0.5-7 7.79 58.00 65.79 NOTE
r-devel-linux-x86_64-debian-gcc 0.5-7 6.05 46.62 52.67 NOTE
r-devel-linux-x86_64-fedora-clang 0.5-7 97.84 NOTE
r-devel-linux-x86_64-fedora-gcc 0.5-7 91.91 NOTE
r-devel-windows-x86_64 0.5-7 22.00 102.00 124.00 OK
r-patched-linux-x86_64 0.5-7 8.68 53.85 62.53 NOTE
r-release-linux-x86_64 0.5-7 7.66 55.79 63.45 NOTE
r-release-macos-arm64 0.5-7 33.00 OK
r-release-macos-x86_64 0.5-7 44.00 OK
r-release-windows-x86_64 0.5-7 15.00 98.00 113.00 OK
r-oldrel-macos-arm64 0.5-7 34.00 OK
r-oldrel-macos-x86_64 0.5-7 56.00 OK
r-oldrel-windows-ix86+x86_64 0.5-7 22.00 122.00 144.00 OK

Check Details

Version: 0.5-7
Check: package dependencies
Result: NOTE
    Package suggested but not available for checking: 'spgrass6'
Flavors: r-devel-linux-x86_64-debian-clang, r-devel-linux-x86_64-debian-gcc, r-devel-linux-x86_64-fedora-clang, r-devel-linux-x86_64-fedora-gcc, r-patched-linux-x86_64, r-release-linux-x86_64