CRAN Package Check Results for Package seismicRoll

Last updated on 2018-10-20 12:46:49 CEST.

Flavor Version Tinstall Tcheck Ttotal Status Flags
r-devel-linux-x86_64-debian-clang 1.1.2 17.68 23.81 41.49 OK
r-devel-linux-x86_64-debian-gcc 1.1.2 12.47 19.29 31.76 OK
r-devel-linux-x86_64-fedora-clang 1.1.2 52.07 NOTE
r-devel-linux-x86_64-fedora-gcc 1.1.2 47.66 NOTE
r-devel-windows-ix86+x86_64 1.1.2 52.00 73.00 125.00 OK
r-patched-linux-x86_64 1.1.2 16.12 21.12 37.24 OK
r-patched-solaris-x86 1.1.2 57.80 OK
r-release-linux-x86_64 1.1.2 16.41 21.29 37.70 OK
r-release-windows-ix86+x86_64 1.1.2 46.00 69.00 115.00 OK
r-release-osx-x86_64 1.1.2 OK
r-oldrel-windows-ix86+x86_64 1.1.2 34.00 63.00 97.00 OK
r-oldrel-osx-x86_64 1.1.2 OK

Check Details

Version: 1.1.2
Check: compiled code
Result: NOTE
    File ‘seismicRoll/libs/seismicRoll.so’:
     Found no calls to: ‘R_registerRoutines’, ‘R_useDynamicSymbols’
    
    It is good practice to register native routines and to disable symbol
    search.
    
    See ‘Writing portable packages’ in the ‘Writing R Extensions’ manual.
Flavors: r-devel-linux-x86_64-fedora-clang, r-devel-linux-x86_64-fedora-gcc