CRAN Package Check Results for Package selcorr

Last updated on 2023-12-08 12:52:30 CET.

Flavor Version Tinstall Tcheck Ttotal Status Flags
r-devel-linux-x86_64-debian-clang 1.0 2.14 22.01 24.15 OK
r-devel-linux-x86_64-debian-gcc 1.0 1.61 17.52 19.13 OK
r-devel-linux-x86_64-fedora-clang 1.0 31.89 NOTE
r-devel-linux-x86_64-fedora-gcc 1.0 29.14 NOTE
r-devel-windows-x86_64 1.0 2.00 38.00 40.00 OK
r-patched-linux-x86_64 1.0 1.68 22.17 23.85 OK
r-release-linux-x86_64 1.0 1.62 21.84 23.46 OK
r-release-macos-arm64 1.0 17.00 OK
r-release-macos-x86_64 1.0 20.00 OK
r-release-windows-x86_64 1.0 2.00 38.00 40.00 OK
r-oldrel-macos-arm64 1.0 15.00 OK
r-oldrel-macos-x86_64 1.0 21.00 NOTE
r-oldrel-windows-x86_64 1.0 4.00 42.00 46.00 OK

Check Details

Version: 1.0
Check: dependencies in R code
Result: NOTE Namespace in Imports field not imported from: ‘MASS’ All declared Imports should be used. Flavors: r-devel-linux-x86_64-fedora-clang, r-devel-linux-x86_64-fedora-gcc, r-oldrel-macos-x86_64