CRAN Package Check Results for Package semTools

Last updated on 2018-09-22 04:52:28 CEST.

Flavor Version Tinstall Tcheck Ttotal Status Flags
r-devel-linux-x86_64-debian-clang 0.5-0 22.12 166.62 188.74 OK
r-devel-linux-x86_64-debian-gcc 0.5-0 19.36 125.85 145.21 OK
r-devel-linux-x86_64-fedora-clang 0.5-0 223.04 OK
r-devel-linux-x86_64-fedora-gcc 0.5-0 218.14 OK
r-devel-windows-ix86+x86_64 0.5-0 38.00 222.00 260.00 OK
r-patched-linux-x86_64 0.5-0 20.25 160.47 180.72 OK
r-patched-solaris-x86 0.5-0 264.20 NOTE
r-release-linux-x86_64 0.5-0 21.75 161.51 183.26 OK
r-release-windows-ix86+x86_64 0.5-0 28.00 214.00 242.00 OK
r-release-osx-x86_64 0.5-0 OK
r-oldrel-windows-ix86+x86_64 0.5-0 7.00 154.00 161.00 OK
r-oldrel-osx-x86_64 0.5-0 OK

Check Details

Version: 0.5-0
Check: package dependencies
Result: NOTE
    Package suggested but not available for checking: ‘OpenMx’
Flavor: r-patched-solaris-x86

Version: 0.5-0
Check: Rd cross-references
Result: NOTE
    Package unavailable to check Rd xrefs: ‘OpenMx’
Flavor: r-patched-solaris-x86