CRAN Package Check Results for Package semTools

Last updated on 2018-01-17 02:53:16 CET.

Flavor Version Tinstall Tcheck Ttotal Status Flags
r-devel-linux-x86_64-debian-clang 0.4-14 2.48 191.56 194.04 OK
r-devel-linux-x86_64-debian-gcc 0.4-14 2.67 143.38 146.05 OK
r-devel-linux-x86_64-fedora-clang 0.4-14 210.71 OK
r-devel-linux-x86_64-fedora-gcc 0.4-14 207.05 OK
r-devel-windows-ix86+x86_64 0.4-14 11.00 184.00 195.00 OK
r-patched-linux-x86_64 0.4-14 3.06 186.55 189.61 OK
r-patched-solaris-x86 0.4-14 246.70 NOTE
r-release-linux-x86_64 0.4-14 2.51 186.94 189.45 OK
r-release-windows-ix86+x86_64 0.4-14 11.00 189.00 200.00 OK
r-release-osx-x86_64 0.4-14 OK
r-oldrel-windows-ix86+x86_64 0.4-14 9.00 152.00 161.00 OK
r-oldrel-osx-x86_64 0.4-14 OK

Check Details

Version: 0.4-14
Check: package dependencies
Result: NOTE
    Package suggested but not available for checking: ‘OpenMx’
Flavor: r-patched-solaris-x86