CRAN Package Check Results for Package semiArtificial

Last updated on 2019-06-17 09:49:59 CEST.

Flavor Version Tinstall Tcheck Ttotal Status Flags
r-devel-linux-x86_64-debian-clang 2.3.1 14.42 120.09 134.51 NOTE
r-devel-linux-x86_64-debian-gcc 2.3.1 13.81 93.34 107.15 NOTE
r-devel-linux-x86_64-fedora-clang 2.3.1 160.41 NOTE
r-devel-linux-x86_64-fedora-gcc 2.3.1 152.82 NOTE
r-devel-windows-ix86+x86_64 2.3.1 39.00 120.00 159.00 OK
r-patched-linux-x86_64 2.3.1 13.51 117.69 131.20 OK
r-patched-solaris-x86 2.3.1 234.20 OK
r-release-linux-x86_64 2.3.1 14.58 118.50 133.08 OK
r-release-windows-ix86+x86_64 2.3.1 27.00 122.00 149.00 OK
r-release-osx-x86_64 2.3.1 OK
r-oldrel-windows-ix86+x86_64 2.3.1 20.00 154.00 174.00 OK
r-oldrel-osx-x86_64 2.3.1 OK

Check Details

Version: 2.3.1
Check: for non-standard things in the check directory
Result: NOTE
    Found the following files/directories:
     'Rprof.out'
Flavors: r-devel-linux-x86_64-debian-clang, r-devel-linux-x86_64-debian-gcc, r-devel-linux-x86_64-fedora-clang, r-devel-linux-x86_64-fedora-gcc