CRAN Package Check Results for Package semiArtificial

Last updated on 2021-04-15 03:49:38 CEST.

Flavor Version Tinstall Tcheck Ttotal Status Flags
r-devel-linux-x86_64-debian-clang 2.3.1 17.33 161.80 179.13 NOTE
r-devel-linux-x86_64-debian-gcc 2.3.1 15.73 120.04 135.77 NOTE
r-devel-linux-x86_64-fedora-clang 2.3.1 231.54 NOTE
r-devel-linux-x86_64-fedora-gcc 2.3.1 200.00 NOTE
r-devel-windows-ix86+x86_64 2.3.1 44.00 138.00 182.00 OK
r-devel-windows-x86_64-gcc10-UCRT 2.3.1 OK
r-patched-linux-x86_64 2.3.1 17.89 145.91 163.80 NOTE
r-patched-solaris-x86 2.3.1 285.90 NOTE
r-release-linux-x86_64 2.3.1 16.58 144.36 160.94 NOTE
r-release-macos-x86_64 2.3.1 OK
r-release-windows-ix86+x86_64 2.3.1 51.00 178.00 229.00 OK
r-oldrel-macos-x86_64 2.3.1 OK
r-oldrel-windows-ix86+x86_64 2.3.1 26.00 114.00 140.00 OK

Check Details

Version: 2.3.1
Check: for non-standard things in the check directory
Result: NOTE
    Found the following files/directories:
     'Rprof.out'
Flavors: r-devel-linux-x86_64-debian-clang, r-devel-linux-x86_64-debian-gcc, r-devel-linux-x86_64-fedora-clang, r-devel-linux-x86_64-fedora-gcc, r-patched-linux-x86_64, r-patched-solaris-x86, r-release-linux-x86_64