Last updated on 2022-08-10 17:50:17 CEST.
Flavor | Version | Tinstall | Tcheck | Ttotal | Status | Flags |
---|---|---|---|---|---|---|
r-devel-linux-x86_64-debian-clang | 2.3.1 | 8.01 | 159.20 | 167.21 | OK | |
r-devel-linux-x86_64-debian-gcc | 2.3.1 | 7.55 | 115.73 | 123.28 | OK | |
r-devel-linux-x86_64-fedora-clang | 2.3.1 | 219.53 | NOTE | |||
r-devel-linux-x86_64-fedora-gcc | 2.3.1 | 249.53 | NOTE | |||
r-devel-windows-x86_64 | 2.3.1 | 80.00 | 429.00 | 509.00 | OK | |
r-patched-linux-x86_64 | 2.3.1 | 12.72 | 147.10 | 159.82 | OK | |
r-release-linux-x86_64 | 2.3.1 | OK | ||||
r-release-macos-arm64 | 2.3.1 | 140.00 | NOTE | |||
r-release-macos-x86_64 | 2.3.1 | 176.00 | NOTE | |||
r-release-windows-x86_64 | 2.3.1 | 101.00 | 409.00 | 510.00 | OK | |
r-oldrel-macos-arm64 | 2.3.1 | 126.00 | NOTE | |||
r-oldrel-macos-x86_64 | 2.3.1 | 178.00 | NOTE | |||
r-oldrel-windows-ix86+x86_64 | 2.3.1 | 19.00 | 450.00 | 469.00 | OK |
Version: 2.3.1
Check: dependencies in R code
Result: NOTE
Namespaces in Imports field not imported from:
‘knitr’ ‘rmarkdown’ ‘webp’
All declared Imports should be used.
Flavors: r-devel-linux-x86_64-fedora-clang, r-devel-linux-x86_64-fedora-gcc, r-release-macos-arm64, r-release-macos-x86_64, r-oldrel-macos-arm64, r-oldrel-macos-x86_64