CRAN Package Check Results for Package semnar

Last updated on 2020-02-27 17:51:09 CET.

Flavor Version Tinstall Tcheck Ttotal Status Flags
r-devel-linux-x86_64-debian-clang 0.7.1 4.22 34.97 39.19 OK
r-devel-linux-x86_64-debian-gcc 0.7.1 4.15 28.41 32.56 OK
r-devel-linux-x86_64-fedora-clang 0.7.1 51.30 OK
r-devel-linux-x86_64-fedora-gcc 0.7.1 48.18 OK
r-devel-windows-ix86+x86_64 0.7.1 11.00 48.00 59.00 OK
r-devel-windows-ix86+x86_64-gcc8 0.7.1 12.00 57.00 69.00 OK
r-patched-linux-x86_64 0.7.1 4.19 32.20 36.39 OK
r-patched-solaris-x86 0.7.1 77.60 OK
r-release-linux-x86_64 0.7.1 3.89 32.60 36.49 OK
r-release-windows-ix86+x86_64 0.7.1 8.00 48.00 56.00 OK
r-release-osx-x86_64 0.7.1 OK
r-oldrel-osx-x86_64 0.7.1 ERROR

Check Details

Version: 0.7.1
Check: whether package can be installed
Result: ERROR
    Installation failed.
Flavor: r-oldrel-osx-x86_64