CRAN Package Check Results for Package semnar

Last updated on 2019-09-20 05:47:06 CEST.

Flavor Version Tinstall Tcheck Ttotal Status Flags
r-devel-linux-x86_64-debian-clang 0.7.1 4.27 31.20 35.47 OK
r-devel-linux-x86_64-debian-gcc 0.7.1 3.36 25.58 28.94 OK
r-devel-linux-x86_64-fedora-clang 0.7.1 43.92 OK
r-devel-linux-x86_64-fedora-gcc 0.7.1 44.06 OK
r-devel-windows-ix86+x86_64 0.7.1 18.00 45.00 63.00 OK
r-patched-linux-x86_64 0.7.1 3.59 31.18 34.77 OK
r-patched-solaris-x86 0.7.1 76.00 OK
r-release-linux-x86_64 0.7.1 3.53 31.07 34.60 OK
r-release-windows-ix86+x86_64 0.7.1 10.00 43.00 53.00 OK
r-release-osx-x86_64 0.7.1 OK
r-oldrel-osx-x86_64 0.7.1 ERROR

Check Details

Version: 0.7.1
Check: whether package can be installed
Result: ERROR
    Installation failed.
Flavor: r-oldrel-osx-x86_64