CRAN Package Check Results for Package semtree

Last updated on 2018-02-20 15:48:57 CET.

Flavor Version Tinstall Tcheck Ttotal Status Flags
r-devel-linux-x86_64-debian-clang 0.9.12 10.84 333.59 344.43 OK
r-devel-linux-x86_64-debian-gcc 0.9.12 8.57 332.27 340.84 OK
r-devel-linux-x86_64-fedora-clang 0.9.12 394.48 OK
r-devel-linux-x86_64-fedora-gcc 0.9.12 406.12 OK
r-devel-windows-ix86+x86_64 0.9.12 15.00 336.00 351.00 OK
r-patched-linux-x86_64 0.9.12 5.12 473.52 478.64 OK
r-patched-solaris-x86 0.9.12 3.50 ERROR
r-release-linux-x86_64 0.9.12 4.68 473.57 478.25 OK
r-release-windows-ix86+x86_64 0.9.12 15.00 361.00 376.00 OK
r-release-osx-x86_64 0.9.12 OK
r-oldrel-windows-ix86+x86_64 0.9.12 16.00 425.00 441.00 OK
r-oldrel-osx-x86_64 0.9.11 OK

Check Details

Version: 0.9.12
Check: package dependencies
Result: ERROR
    Package required but not available: ‘OpenMx’
    
    See section ‘The DESCRIPTION file’ in the ‘Writing R Extensions’
    manual.
Flavor: r-patched-solaris-x86