CRAN Package Check Results for Package semver

Last updated on 2022-05-17 21:50:58 CEST.

Flavor Version Tinstall Tcheck Ttotal Status Flags
r-devel-linux-x86_64-debian-clang 0.2.0 28.25 44.80 73.05 NOTE
r-devel-linux-x86_64-debian-gcc 0.2.0 20.05 34.23 54.28 NOTE
r-devel-linux-x86_64-fedora-clang 0.2.0 98.60 NOTE
r-devel-linux-x86_64-fedora-gcc 0.2.0 85.92 NOTE
r-devel-windows-x86_64 0.2.0 36.00 86.00 122.00 NOTE
r-patched-linux-x86_64 0.2.0 20.11 41.61 61.72 NOTE
r-release-linux-x86_64 0.2.0 21.13 42.35 63.48 NOTE
r-release-macos-arm64 0.2.0 28.00 NOTE
r-release-macos-x86_64 0.2.0 41.00 NOTE
r-release-windows-x86_64 0.2.0 33.00 85.00 118.00 NOTE
r-oldrel-macos-arm64 0.2.0 32.00 NOTE
r-oldrel-macos-x86_64 0.2.0 52.00 NOTE
r-oldrel-windows-ix86+x86_64 0.2.0 65.00 78.00 143.00 NOTE

Check Details

Version: 0.2.0
Check: LazyData
Result: NOTE
     'LazyData' is specified without a 'data' directory
Flavors: r-devel-linux-x86_64-debian-clang, r-devel-linux-x86_64-debian-gcc, r-devel-linux-x86_64-fedora-clang, r-devel-linux-x86_64-fedora-gcc, r-devel-windows-x86_64, r-patched-linux-x86_64, r-release-linux-x86_64, r-release-macos-arm64, r-release-macos-x86_64, r-release-windows-x86_64, r-oldrel-macos-arm64, r-oldrel-macos-x86_64, r-oldrel-windows-ix86+x86_64

Version: 0.2.0
Check: compiled code
Result: NOTE
    File ‘semver/libs/semver.so’:
     Found no calls to: ‘R_registerRoutines’, ‘R_useDynamicSymbols’
    
    It is good practice to register native routines and to disable symbol
    search.
    
    See ‘Writing portable packages’ in the ‘Writing R Extensions’ manual.
Flavors: r-devel-linux-x86_64-fedora-clang, r-devel-linux-x86_64-fedora-gcc