CRAN Package Check Results for Package sensibo.sky

Last updated on 2024-04-17 15:54:03 CEST.

Flavor Version Tinstall Tcheck Ttotal Status Flags
r-devel-linux-x86_64-debian-clang 1.0.0 2.58 26.09 28.67 NOTE
r-devel-linux-x86_64-debian-gcc 1.0.0 1.65 19.84 21.49 NOTE
r-devel-linux-x86_64-fedora-clang 1.0.0 36.48 NOTE
r-devel-linux-x86_64-fedora-gcc 1.0.0 34.92 NOTE
r-prerel-macos-arm64 1.0.0 16.00 NOTE
r-prerel-windows-x86_64 1.0.0 4.00 41.00 45.00 NOTE
r-patched-linux-x86_64 1.0.0 2.92 25.34 28.26 NOTE
r-release-linux-x86_64 1.0.0 2.39 24.33 26.72 NOTE
r-release-macos-arm64 1.0.0 17.00 NOTE
r-release-macos-x86_64 1.0.0 21.00 NOTE
r-release-windows-x86_64 1.0.0 5.00 41.00 46.00 NOTE
r-oldrel-macos-arm64 1.0.0 19.00 NOTE
r-oldrel-windows-x86_64 1.0.0 4.00 46.00 50.00 NOTE

Check Details

Version: 1.0.0
Check: LazyData
Result: NOTE 'LazyData' is specified without a 'data' directory Flavors: r-devel-linux-x86_64-debian-clang, r-devel-linux-x86_64-debian-gcc, r-devel-linux-x86_64-fedora-clang, r-devel-linux-x86_64-fedora-gcc, r-prerel-macos-arm64, r-prerel-windows-x86_64, r-patched-linux-x86_64, r-release-linux-x86_64, r-release-macos-arm64, r-release-macos-x86_64, r-release-windows-x86_64, r-oldrel-macos-arm64, r-oldrel-windows-x86_64