CRAN Package Check Results for Package sensibo.sky

Last updated on 2022-05-27 21:51:33 CEST.

Flavor Version Tinstall Tcheck Ttotal Status Flags
r-devel-linux-x86_64-debian-clang 1.0.0 2.79 33.22 36.01 NOTE
r-devel-linux-x86_64-debian-gcc 1.0.0 2.02 26.54 28.56 NOTE
r-devel-linux-x86_64-fedora-clang 1.0.0 44.10 NOTE
r-devel-linux-x86_64-fedora-gcc 1.0.0 33.23 NOTE
r-devel-windows-x86_64 1.0.0 21.00 51.00 72.00 NOTE
r-patched-linux-x86_64 1.0.0 2.84 32.42 35.26 NOTE
r-release-linux-x86_64 1.0.0 1.58 33.22 34.80 NOTE
r-release-macos-arm64 1.0.0 19.00 NOTE
r-release-macos-x86_64 1.0.0 23.00 NOTE
r-release-windows-x86_64 1.0.0 24.00 49.00 73.00 NOTE
r-oldrel-macos-arm64 1.0.0 20.00 NOTE
r-oldrel-macos-x86_64 1.0.0 25.00 NOTE
r-oldrel-windows-ix86+x86_64 1.0.0 9.00 44.00 53.00 NOTE

Check Details

Version: 1.0.0
Check: LazyData
Result: NOTE
     'LazyData' is specified without a 'data' directory
Flavors: r-devel-linux-x86_64-debian-clang, r-devel-linux-x86_64-debian-gcc, r-devel-linux-x86_64-fedora-clang, r-devel-linux-x86_64-fedora-gcc, r-devel-windows-x86_64, r-patched-linux-x86_64, r-release-linux-x86_64, r-release-macos-arm64, r-release-macos-x86_64, r-release-windows-x86_64, r-oldrel-macos-arm64, r-oldrel-macos-x86_64, r-oldrel-windows-ix86+x86_64