CRAN Package Check Results for Package sentencepiece

Last updated on 2022-05-24 22:50:17 CEST.

Flavor Version Tinstall Tcheck Ttotal Status Flags
r-devel-linux-x86_64-debian-clang 0.2.1 1239.50 53.30 1292.80 OK
r-devel-linux-x86_64-debian-gcc 0.2.1 615.05 41.40 656.45 OK
r-devel-linux-x86_64-fedora-clang 0.2.1 1166.36 NOTE
r-devel-linux-x86_64-fedora-gcc 0.2.1 1093.74 OK
r-devel-windows-x86_64 0.2.1 875.00 112.00 987.00 NOTE
r-patched-linux-x86_64 0.2.1 657.38 50.65 708.03 OK
r-release-linux-x86_64 0.2.1 OK
r-release-macos-arm64 0.2.1 219.00 NOTE
r-release-macos-x86_64 0.2.1 285.00 NOTE
r-release-windows-x86_64 0.2.1 850.00 112.00 962.00 NOTE
r-oldrel-macos-arm64 0.2.1 234.00 NOTE
r-oldrel-macos-x86_64 0.2.1 295.00 NOTE
r-oldrel-windows-ix86+x86_64 0.2.1 1836.00 303.00 2139.00 NOTE

Check Details

Version: 0.2.1
Check: installed package size
Result: NOTE
     installed size is 17.2Mb
     sub-directories of 1Mb or more:
     libs 15.4Mb
     models 1.6Mb
Flavors: r-devel-linux-x86_64-fedora-clang, r-devel-windows-x86_64, r-release-macos-arm64, r-release-macos-x86_64, r-release-windows-x86_64, r-oldrel-macos-arm64, r-oldrel-macos-x86_64, r-oldrel-windows-ix86+x86_64