CRAN Package Check Results for Package sentometrics

Last updated on 2018-05-21 15:47:02 CEST.

Flavor Version Tinstall Tcheck Ttotal Status Flags
r-devel-linux-x86_64-debian-clang 0.3.5 27.54 126.50 154.04 OK
r-devel-linux-x86_64-debian-gcc 0.3.5 26.25 99.63 125.88 OK
r-devel-linux-x86_64-fedora-clang 0.3.5 201.54 NOTE
r-devel-linux-x86_64-fedora-gcc 0.3.5 196.18 NOTE
r-devel-windows-ix86+x86_64 0.3.5 71.00 273.00 344.00 OK
r-patched-linux-x86_64 0.3.5 29.68 113.84 143.52 OK
r-patched-solaris-x86 0.3.5 263.70 NOTE
r-release-linux-x86_64 0.3.5 31.59 110.54 142.13 OK
r-release-windows-ix86+x86_64 0.3.5 58.00 244.00 302.00 OK
r-release-osx-x86_64 0.3.5 NOTE
r-oldrel-windows-ix86+x86_64 0.3.5 77.00 264.00 341.00 OK
r-oldrel-osx-x86_64 0.3.5 NOTE

Check Details

Version: 0.3.5
Check: data for non-ASCII characters
Result: NOTE
     Note: found 5374 marked UTF-8 strings
Flavors: r-devel-linux-x86_64-fedora-clang, r-devel-linux-x86_64-fedora-gcc, r-patched-solaris-x86, r-release-osx-x86_64, r-oldrel-osx-x86_64