CRAN Package Check Results for Package sentometrics

Last updated on 2018-08-21 20:46:45 CEST.

Flavor Version Tinstall Tcheck Ttotal Status Flags
r-devel-linux-x86_64-debian-clang 0.4 25.62 153.36 178.98 OK
r-devel-linux-x86_64-debian-gcc 0.4 24.31 118.98 143.29 OK
r-devel-linux-x86_64-fedora-clang 0.4 214.87 NOTE
r-devel-linux-x86_64-fedora-gcc 0.4 201.90 NOTE
r-devel-windows-ix86+x86_64 0.4 84.00 358.00 442.00 OK
r-patched-linux-x86_64 0.4 32.03 130.71 162.74 OK
r-patched-solaris-x86 0.4 300.50 NOTE
r-release-linux-x86_64 0.4 27.39 130.86 158.25 OK
r-release-windows-ix86+x86_64 0.4 89.00 227.00 316.00 OK
r-release-osx-x86_64 0.4 NOTE
r-oldrel-windows-ix86+x86_64 0.4 54.00 236.00 290.00 OK
r-oldrel-osx-x86_64 0.4 NOTE

Check Details

Version: 0.4
Check: data for non-ASCII characters
Result: NOTE
     Note: found 5396 marked UTF-8 strings
Flavors: r-devel-linux-x86_64-fedora-clang, r-devel-linux-x86_64-fedora-gcc, r-patched-solaris-x86, r-release-osx-x86_64, r-oldrel-osx-x86_64

Version: 0.4
Check: use of SHLIB_OPENMP_*FLAGS in Makefiles
Result: NOTE
     src/Makevars: SHLIB_OPENMP_CXXFLAGS is included in PKG_CXXFLAGS but not in PKG_LIBS
     src/Makevars: SHLIB_OPENMP_CFLAGS is included in PKG_LIBS but not in PKG_CFLAGS
     src/Makevars.win: SHLIB_OPENMP_CXXFLAGS is included in PKG_CXXFLAGS but not in PKG_LIBS
     src/Makevars.win: SHLIB_OPENMP_CFLAGS is included in PKG_LIBS but not in PKG_CFLAGS
    Use of these macros is discussed in sect 1.2.1.1 of ‘Writing R
    Extensions’. The macros for different languages may differ so the
    matching macro must be used in PKG_CXXFLAGS (etc) and match that used
    in PKG_LIBS (except for F77: see the manual).
Flavors: r-devel-linux-x86_64-fedora-clang, r-devel-linux-x86_64-fedora-gcc