CRAN Package Check Results for Package sentometrics

Last updated on 2019-02-17 20:53:50 CET.

Flavor Version Tinstall Tcheck Ttotal Status Flags
r-devel-linux-x86_64-debian-clang 0.5.6 58.54 225.03 283.57 NOTE
r-devel-linux-x86_64-debian-gcc 0.5.6 47.38 217.59 264.97 NOTE
r-devel-linux-x86_64-fedora-clang 0.5.6 317.59 NOTE
r-devel-linux-x86_64-fedora-gcc 0.5.6 290.33 NOTE
r-devel-windows-ix86+x86_64 0.5.6 156.00 297.00 453.00 NOTE
r-patched-linux-x86_64 0.5.6 55.94 209.32 265.26 NOTE
r-patched-solaris-x86 0.5.6 382.90 NOTE
r-release-linux-x86_64 0.5.6 NOTE
r-release-windows-ix86+x86_64 0.5.6 140.00 385.00 525.00 NOTE
r-release-osx-x86_64 0.5.6 NOTE
r-oldrel-windows-ix86+x86_64 0.5.6 124.00 329.00 453.00 NOTE
r-oldrel-osx-x86_64 0.5.6 NOTE

Check Details

Version: 0.5.6
Check: for GNU extensions in Makefiles
Result: NOTE
    GNU make is a SystemRequirements.
Flavors: r-devel-linux-x86_64-debian-clang, r-devel-linux-x86_64-debian-gcc, r-devel-linux-x86_64-fedora-clang, r-devel-linux-x86_64-fedora-gcc, r-devel-windows-ix86+x86_64, r-patched-linux-x86_64, r-patched-solaris-x86, r-release-linux-x86_64, r-release-windows-ix86+x86_64, r-release-osx-x86_64, r-oldrel-windows-ix86+x86_64, r-oldrel-osx-x86_64

Version: 0.5.6
Check: installed package size
Result: NOTE
     installed size is 5.3Mb
     sub-directories of 1Mb or more:
     data 2.3Mb
     libs 2.6Mb
Flavors: r-devel-linux-x86_64-fedora-clang, r-release-osx-x86_64, r-oldrel-osx-x86_64

Version: 0.5.6
Check: data for non-ASCII characters
Result: NOTE
     Note: found 4436 marked UTF-8 strings
Flavors: r-devel-linux-x86_64-fedora-clang, r-devel-linux-x86_64-fedora-gcc, r-patched-solaris-x86, r-release-osx-x86_64, r-oldrel-osx-x86_64