CRAN Package Check Results for Package sentometrics

Last updated on 2018-02-26 03:49:17 CET.

Flavor Version Tinstall Tcheck Ttotal Status Flags
r-devel-linux-x86_64-debian-clang 0.2 29.99 80.45 110.44 NOTE
r-devel-linux-x86_64-debian-gcc 0.2 22.07 65.54 87.61 NOTE
r-devel-linux-x86_64-fedora-clang 0.2 137.57 NOTE
r-devel-linux-x86_64-fedora-gcc 0.2 132.73 NOTE
r-devel-windows-ix86+x86_64 0.2 72.00 185.00 257.00 OK
r-patched-linux-x86_64 0.2 26.81 93.07 119.88 OK
r-patched-solaris-x86 0.2 193.80 NOTE
r-release-linux-x86_64 0.2 26.22 93.33 119.55 OK
r-release-windows-ix86+x86_64 0.2 79.00 203.00 282.00 OK
r-release-osx-x86_64 0.2 NOTE
r-oldrel-osx-x86_64 0.2 ERROR

Check Details

Version: 0.2
Check: DESCRIPTION meta-information
Result: NOTE
    Dependence on R version ‘3.4.2’ not with patchlevel 0
Flavors: r-devel-linux-x86_64-debian-clang, r-devel-linux-x86_64-debian-gcc, r-devel-linux-x86_64-fedora-clang, r-devel-linux-x86_64-fedora-gcc

Version: 0.2
Check: dependencies in R code
Result: NOTE
    Namespace in Imports field not imported from: ‘compiler’
     All declared Imports should be used.
Flavors: r-devel-linux-x86_64-fedora-clang, r-devel-linux-x86_64-fedora-gcc, r-patched-solaris-x86, r-release-osx-x86_64

Version: 0.2
Check: data for non-ASCII characters
Result: NOTE
     Note: found 6339 marked UTF-8 strings
Flavors: r-devel-linux-x86_64-fedora-clang, r-devel-linux-x86_64-fedora-gcc, r-patched-solaris-x86, r-release-osx-x86_64

Version: 0.2
Check: whether package can be installed
Result: ERROR
    Installation failed.
Flavor: r-oldrel-osx-x86_64