CRAN Package Check Results for Package sentometrics

Last updated on 2018-11-17 09:47:07 CET.

Flavor Version Tinstall Tcheck Ttotal Status Flags
r-devel-linux-x86_64-debian-clang 0.5.5 57.86 181.04 238.90 NOTE
r-devel-linux-x86_64-debian-gcc 0.5.5 50.57 135.50 186.07 NOTE
r-devel-linux-x86_64-fedora-clang 0.5.5 305.66 NOTE
r-devel-linux-x86_64-fedora-gcc 0.5.5 279.47 NOTE
r-devel-windows-ix86+x86_64 0.5.5 146.00 381.00 527.00 NOTE
r-patched-linux-x86_64 0.5.5 62.64 169.71 232.35 NOTE
r-patched-solaris-x86 0.5.5 342.20 NOTE
r-release-linux-x86_64 0.5.1 52.67 142.47 195.14 NOTE
r-release-windows-ix86+x86_64 0.5.5 138.00 366.00 504.00 NOTE
r-release-osx-x86_64 0.5.5 NOTE
r-oldrel-windows-ix86+x86_64 0.5.5 148.00 414.00 562.00 NOTE
r-oldrel-osx-x86_64 0.5.5 NOTE

Additional issues

clang-UBSAN gcc-UBSAN

Check Details

Version: 0.5.5
Check: for GNU extensions in Makefiles
Result: NOTE
    GNU make is a SystemRequirements.
Flavors: r-devel-linux-x86_64-debian-clang, r-devel-linux-x86_64-debian-gcc, r-devel-linux-x86_64-fedora-clang, r-devel-linux-x86_64-fedora-gcc, r-devel-windows-ix86+x86_64, r-patched-linux-x86_64, r-patched-solaris-x86, r-release-windows-ix86+x86_64, r-release-osx-x86_64, r-oldrel-windows-ix86+x86_64, r-oldrel-osx-x86_64

Version: 0.5.5
Check: installed package size
Result: NOTE
     installed size is 5.5Mb
     sub-directories of 1Mb or more:
     data 2.3Mb
     libs 2.8Mb
Flavors: r-devel-linux-x86_64-fedora-clang, r-release-osx-x86_64, r-oldrel-osx-x86_64

Version: 0.5.5
Check: data for non-ASCII characters
Result: NOTE
     Note: found 4436 marked UTF-8 strings
Flavors: r-devel-linux-x86_64-fedora-clang, r-devel-linux-x86_64-fedora-gcc, r-patched-solaris-x86, r-release-osx-x86_64, r-oldrel-osx-x86_64

Version: 0.5.1
Check: for GNU extensions in Makefiles
Result: NOTE
    GNU make is a SystemRequirements.
Flavor: r-release-linux-x86_64