CRAN Package Check Results for Package sentopics

Last updated on 2024-02-23 00:59:41 CET.

Flavor Version Tinstall Tcheck Ttotal Status Flags
r-devel-linux-x86_64-debian-clang 0.7.2 OK
r-devel-linux-x86_64-debian-gcc 0.7.2 68.25 361.06 429.31 OK
r-devel-linux-x86_64-fedora-clang 0.7.2 647.06 NOTE
r-devel-linux-x86_64-fedora-gcc 0.7.2 620.43 NOTE
r-devel-windows-x86_64 0.7.2 68.00 330.00 398.00 OK
r-patched-linux-x86_64 0.7.2 99.38 434.11 533.49 OK
r-release-linux-x86_64 0.7.2 87.38 445.16 532.54 OK
r-release-macos-arm64 0.7.2 174.00 NOTE
r-release-macos-x86_64 0.7.2 314.00 NOTE
r-release-windows-x86_64 0.7.2 89.00 402.00 491.00 OK
r-oldrel-macos-arm64 0.7.2 185.00 NOTE
r-oldrel-windows-x86_64 0.7.2 86.00 376.00 462.00 OK

Check Details

Version: 0.7.2
Check: Rd cross-references
Result: NOTE Undeclared package ‘lexicon’ in Rd xrefs Flavor: r-devel-linux-x86_64-fedora-clang

Version: 0.7.2
Check: data for non-ASCII characters
Result: NOTE Note: found 3128 marked UTF-8 strings Flavors: r-devel-linux-x86_64-fedora-clang, r-devel-linux-x86_64-fedora-gcc

Version: 0.7.2
Check: installed package size
Result: NOTE installed size is 6.6Mb sub-directories of 1Mb or more: data 1.2Mb libs 4.6Mb Flavors: r-release-macos-arm64, r-release-macos-x86_64, r-oldrel-macos-arm64