CRAN Package Check Results for Package seoR

Last updated on 2018-05-24 07:47:37 CEST.

Flavor Version Tinstall Tcheck Ttotal Status Flags
r-devel-linux-x86_64-debian-clang 0.1.0 4.86 45.11 49.97 ERROR
r-devel-linux-x86_64-debian-gcc 0.1.0 2.70 39.05 41.75 ERROR
r-devel-linux-x86_64-fedora-clang 0.1.0 63.94 ERROR
r-devel-linux-x86_64-fedora-gcc 0.1.0 61.63 ERROR
r-devel-windows-ix86+x86_64 0.1.0 10.00 72.00 82.00 ERROR
r-patched-linux-x86_64 0.1.0 3.71 43.83 47.54 ERROR
r-patched-solaris-x86 0.1.0 88.90 ERROR
r-release-linux-x86_64 0.1.0 4.18 43.40 47.58 ERROR
r-release-windows-ix86+x86_64 0.1.0 15.00 159.00 174.00 ERROR
r-release-osx-x86_64 0.1.0 ERROR
r-oldrel-windows-ix86+x86_64 0.1.0 11.00 85.00 96.00 ERROR
r-oldrel-osx-x86_64 0.1.0 OK

Check Details

Version: 0.1.0
Check: examples
Result: ERROR
    Running examples in ‘seoR-Ex.R’ failed
    The error most likely occurred in:
    
    > base::assign(".ptime", proc.time(), pos = "CheckExEnv")
    > ### Name: lastCached
    > ### Title: Function to get the last Google Cache Date for a URL
    > ### Aliases: lastCached
    >
    > ### ** Examples
    >
    > lastCached("https://www.r-project.org/")
    Error in if (is.na(res)) { : argument is of length zero
    Calls: lastCached
    Execution halted
Flavors: r-devel-linux-x86_64-debian-clang, r-devel-linux-x86_64-debian-gcc, r-patched-linux-x86_64, r-release-linux-x86_64

Version: 0.1.0
Check: examples
Result: ERROR
    Running examples in ‘seoR-Ex.R’ failed
    The error most likely occurred in:
    
    > ### Name: lastCached
    > ### Title: Function to get the last Google Cache Date for a URL
    > ### Aliases: lastCached
    >
    > ### ** Examples
    >
    > lastCached("https://www.r-project.org/")
    Error in if (is.na(res)) { : argument is of length zero
    Calls: lastCached
    Execution halted
Flavors: r-devel-linux-x86_64-fedora-clang, r-devel-linux-x86_64-fedora-gcc, r-devel-windows-ix86+x86_64, r-patched-solaris-x86, r-release-windows-ix86+x86_64, r-release-osx-x86_64, r-oldrel-windows-ix86+x86_64