CRAN Package Check Results for Package seqHMM

Last updated on 2018-05-24 09:50:01 CEST.

Flavor Version Tinstall Tcheck Ttotal Status Flags
r-devel-linux-x86_64-debian-clang 1.0.8-1 342.12 432.99 775.11 OK
r-devel-linux-x86_64-debian-gcc 1.0.8-1 289.89 349.71 639.60 OK
r-devel-linux-x86_64-fedora-clang 1.0.8-1 1180.19 NOTE
r-devel-linux-x86_64-fedora-gcc 1.0.8-1 1113.44 NOTE
r-devel-windows-ix86+x86_64 1.0.8-1 730.00 497.00 1227.00 NOTE
r-patched-linux-x86_64 1.0.8-1 359.61 473.43 833.04 OK
r-patched-solaris-x86 1.0.8-1 1173.20 NOTE
r-release-linux-x86_64 1.0.8-1 360.05 465.23 825.28 OK
r-release-windows-ix86+x86_64 1.0.8-1 951.00 678.00 1629.00 NOTE
r-release-osx-x86_64 1.0.8-1 NOTE
r-oldrel-windows-ix86+x86_64 1.0.8-1 990.00 701.00 1691.00 NOTE
r-oldrel-osx-x86_64 1.0.8 NOTE

Check Details

Version: 1.0.8-1
Check: installed package size
Result: NOTE
     installed size is 19.4Mb
     sub-directories of 1Mb or more:
     doc 6.1Mb
     libs 12.5Mb
Flavors: r-devel-linux-x86_64-fedora-clang, r-devel-linux-x86_64-fedora-gcc, r-devel-windows-ix86+x86_64, r-patched-solaris-x86, r-release-windows-ix86+x86_64, r-release-osx-x86_64, r-oldrel-windows-ix86+x86_64

Version: 1.0.8
Check: installed package size
Result: NOTE
     installed size is 12.7Mb
     sub-directories of 1Mb or more:
     doc 6.0Mb
     libs 6.1Mb
Flavor: r-oldrel-osx-x86_64