CRAN Package Check Results for Package seqHMM

Last updated on 2018-11-13 02:48:53 CET.

Flavor Version Tinstall Tcheck Ttotal Status Flags
r-devel-linux-x86_64-debian-clang 1.0.9 348.54 404.87 753.41 OK
r-devel-linux-x86_64-debian-gcc 1.0.9 314.96 306.76 621.72 OK
r-devel-linux-x86_64-fedora-clang 1.0.9 1069.21 NOTE
r-devel-linux-x86_64-fedora-gcc 1.0.9 1011.54 OK
r-devel-windows-ix86+x86_64 1.0.9 708.00 703.00 1411.00 NOTE
r-patched-linux-x86_64 1.0.9 385.51 395.04 780.55 OK
r-patched-solaris-x86 1.0.9 1188.50 NOTE
r-release-linux-x86_64 1.0.9 394.25 397.77 792.02 OK
r-release-windows-ix86+x86_64 1.0.9 1003.00 712.00 1715.00 NOTE
r-release-osx-x86_64 1.0.9 NOTE
r-oldrel-windows-ix86+x86_64 1.0.9 1008.00 724.00 1732.00 NOTE
r-oldrel-osx-x86_64 1.0.9 NOTE

Check Details

Version: 1.0.9
Check: installed package size
Result: NOTE
     installed size is 20.1Mb
     sub-directories of 1Mb or more:
     doc 6.1Mb
     libs 13.2Mb
Flavors: r-devel-linux-x86_64-fedora-clang, r-devel-windows-ix86+x86_64, r-patched-solaris-x86, r-release-windows-ix86+x86_64, r-release-osx-x86_64, r-oldrel-windows-ix86+x86_64, r-oldrel-osx-x86_64