CRAN Package Check Results for Package seqHMM

Last updated on 2018-02-25 03:55:16 CET.

Flavor Version Tinstall Tcheck Ttotal Status Flags
r-devel-linux-x86_64-debian-clang 1.0.8 334.57 376.43 711.00 OK
r-devel-linux-x86_64-debian-gcc 1.0.8 274.27 254.08 528.35 OK
r-devel-linux-x86_64-fedora-clang 1.0.8 1019.59 NOTE
r-devel-linux-x86_64-fedora-gcc 1.0.8 937.40 NOTE
r-devel-windows-ix86+x86_64 1.0.8 913.00 448.00 1361.00 NOTE
r-patched-linux-x86_64 1.0.8 345.95 363.46 709.41 OK
r-patched-solaris-x86 1.0.8 961.50 NOTE
r-release-linux-x86_64 1.0.8 337.04 366.92 703.96 OK
r-release-windows-ix86+x86_64 1.0.8 945.00 486.00 1431.00 NOTE
r-release-osx-x86_64 1.0.8 NOTE
r-oldrel-windows-ix86+x86_64 1.0.8 738.00 365.00 1103.00 NOTE
r-oldrel-osx-x86_64 1.0.8 NOTE

Check Details

Version: 1.0.8
Check: installed package size
Result: NOTE
     installed size is 19.6Mb
     sub-directories of 1Mb or more:
     doc 6.0Mb
     libs 12.9Mb
Flavors: r-devel-linux-x86_64-fedora-clang, r-devel-linux-x86_64-fedora-gcc, r-devel-windows-ix86+x86_64, r-patched-solaris-x86, r-release-windows-ix86+x86_64, r-release-osx-x86_64, r-oldrel-windows-ix86+x86_64, r-oldrel-osx-x86_64