CRAN Package Check Results for Package seqHMM

Last updated on 2019-02-18 06:47:14 CET.

Flavor Version Tinstall Tcheck Ttotal Status Flags
r-devel-linux-x86_64-debian-clang 1.0.10 346.95 415.06 762.01 OK
r-devel-linux-x86_64-debian-gcc 1.0.10 280.96 309.69 590.65 OK
r-devel-linux-x86_64-fedora-clang 1.0.10 1078.38 NOTE
r-devel-linux-x86_64-fedora-gcc 1.0.10 1007.88 OK
r-devel-windows-ix86+x86_64 1.0.10 943.00 541.00 1484.00 NOTE
r-patched-linux-x86_64 1.0.10 331.54 400.17 731.71 OK
r-patched-solaris-x86 1.0.10 1084.00 NOTE
r-release-linux-x86_64 1.0.10 OK
r-release-windows-ix86+x86_64 1.0.10 725.00 663.00 1388.00 NOTE
r-release-osx-x86_64 1.0.10 NOTE
r-oldrel-windows-ix86+x86_64 1.0.10 754.00 594.00 1348.00 NOTE
r-oldrel-osx-x86_64 1.0.10 NOTE

Check Details

Version: 1.0.10
Check: installed package size
Result: NOTE
     installed size is 19.0Mb
     sub-directories of 1Mb or more:
     doc 6.1Mb
     libs 12.0Mb
Flavors: r-devel-linux-x86_64-fedora-clang, r-devel-windows-ix86+x86_64, r-patched-solaris-x86, r-release-windows-ix86+x86_64, r-release-osx-x86_64, r-oldrel-windows-ix86+x86_64, r-oldrel-osx-x86_64