CRAN Package Check Results for Package seqHMM

Last updated on 2022-05-19 12:55:40 CEST.

Flavor Version Tinstall Tcheck Ttotal Status Flags
r-devel-linux-x86_64-debian-clang 1.2.0 464.68 700.74 1165.42 WARN
r-devel-linux-x86_64-debian-gcc 1.2.0 367.45 362.80 730.25 OK
r-devel-linux-x86_64-fedora-clang 1.2.0 1453.73 WARN
r-devel-linux-x86_64-fedora-gcc 1.2.0 1263.88 OK
r-devel-windows-x86_64 1.2.0 338.00 588.00 926.00 NOTE
r-patched-linux-x86_64 1.2.0 388.26 475.36 863.62 OK
r-release-linux-x86_64 1.2.0 403.81 465.75 869.56 OK
r-release-macos-arm64 1.2.0 313.00 NOTE
r-release-macos-x86_64 1.2.0 497.00 NOTE
r-release-windows-x86_64 1.2.0 341.00 592.00 933.00 NOTE
r-oldrel-macos-arm64 1.2.0 333.00 NOTE
r-oldrel-macos-x86_64 1.2.0 365.00 NOTE
r-oldrel-windows-ix86+x86_64 1.2.0 1110.00 591.00 1701.00 NOTE

Additional issues

clang14

Check Details

Version: 1.2.0
Check: whether package can be installed
Result: WARN
    Found the following significant warnings:
     log_optCoef.cpp:60:13: warning: use of bitwise '&' with boolean operands [-Wbitwise-instead-of-logical]
     optCoef.cpp:57:13: warning: use of bitwise '&' with boolean operands [-Wbitwise-instead-of-logical]
Flavors: r-devel-linux-x86_64-debian-clang, r-devel-linux-x86_64-fedora-clang

Version: 1.2.0
Check: installed package size
Result: NOTE
     installed size is 16.8Mb
     sub-directories of 1Mb or more:
     doc 6.3Mb
     libs 9.7Mb
Flavors: r-devel-linux-x86_64-fedora-clang, r-devel-windows-x86_64, r-release-macos-arm64, r-release-macos-x86_64, r-release-windows-x86_64, r-oldrel-macos-arm64, r-oldrel-macos-x86_64, r-oldrel-windows-ix86+x86_64