CRAN Package Check Results for Package seqHMM

Last updated on 2018-08-20 07:47:58 CEST.

Flavor Version Tinstall Tcheck Ttotal Status Flags
r-devel-linux-x86_64-debian-clang 1.0.8-1 340.18 422.66 762.84 OK
r-devel-linux-x86_64-debian-gcc 1.0.8-1 319.65 312.66 632.31 OK
r-devel-linux-x86_64-fedora-clang 1.0.8-1 1035.01 NOTE
r-devel-linux-x86_64-fedora-gcc 1.0.8-1 919.59 NOTE
r-devel-windows-ix86+x86_64 1.0.8-1 956.00 682.00 1638.00 NOTE
r-patched-linux-x86_64 1.0.8-1 379.86 400.17 780.03 OK
r-patched-solaris-x86 1.0.8-1 1160.20 NOTE
r-release-linux-x86_64 1.0.8-1 397.53 397.25 794.78 OK
r-release-windows-ix86+x86_64 1.0.8-1 991.00 689.00 1680.00 NOTE
r-release-osx-x86_64 1.0.8-1 NOTE
r-oldrel-windows-ix86+x86_64 1.0.8-1 720.00 527.00 1247.00 NOTE
r-oldrel-osx-x86_64 1.0.8-1 NOTE

Check Details

Version: 1.0.8-1
Check: installed package size
Result: NOTE
     installed size is 19.6Mb
     sub-directories of 1Mb or more:
     doc 6.1Mb
     libs 12.7Mb
Flavors: r-devel-linux-x86_64-fedora-clang, r-devel-windows-ix86+x86_64, r-patched-solaris-x86, r-release-windows-ix86+x86_64, r-release-osx-x86_64, r-oldrel-windows-ix86+x86_64, r-oldrel-osx-x86_64

Version: 1.0.8-1
Check: use of SHLIB_OPENMP_*FLAGS in Makefiles
Result: NOTE
     src/Makevars: SHLIB_OPENMP_CXXFLAGS is included in PKG_CXXFLAGS but not in PKG_LIBS
     src/Makevars: SHLIB_OPENMP_CFLAGS is included in PKG_LIBS but not in PKG_CFLAGS
    Use of these macros is discussed in sect 1.2.1.1 of ‘Writing R
    Extensions’. The macros for different languages may differ so the
    matching macro must be used in PKG_CXXFLAGS (etc) and match that used
    in PKG_LIBS (except for F77: see the manual).
Flavors: r-devel-linux-x86_64-fedora-clang, r-devel-linux-x86_64-fedora-gcc