CRAN Package Check Results for Package seqtrie

Last updated on 2024-03-02 02:48:51 CET.

Flavor Version Tinstall Tcheck Ttotal Status Flags
r-devel-linux-x86_64-debian-clang 0.2.6 77.10 1560.80 1637.90 NOTE
r-devel-linux-x86_64-debian-gcc 0.2.6 61.11 1754.46 1815.57 NOTE
r-devel-linux-x86_64-fedora-clang 0.2.6 1943.11 NOTE
r-devel-linux-x86_64-fedora-gcc 0.2.6 2655.41 NOTE
r-devel-windows-x86_64 0.2.6 67.00 586.00 653.00 NOTE
r-patched-linux-x86_64 0.2.6 78.75 2140.46 2219.21 NOTE
r-release-linux-x86_64 0.2.6 72.41 2304.01 2376.42 NOTE
r-release-macos-arm64 0.2.6 411.00 NOTE
r-release-macos-x86_64 0.2.6 849.00 NOTE
r-release-windows-x86_64 0.2.6 83.00 1159.00 1242.00 NOTE
r-oldrel-macos-arm64 0.2.6 395.00 NOTE
r-oldrel-windows-x86_64 0.2.6 76.00 1055.00 1131.00 NOTE

Additional issues

Intel

Check Details

Version: 0.2.6
Check: for GNU extensions in Makefiles
Result: NOTE GNU make is a SystemRequirements. Flavors: r-devel-linux-x86_64-debian-clang, r-devel-linux-x86_64-debian-gcc, r-devel-linux-x86_64-fedora-clang, r-devel-linux-x86_64-fedora-gcc, r-devel-windows-x86_64, r-patched-linux-x86_64, r-release-linux-x86_64, r-release-macos-arm64, r-release-macos-x86_64, r-release-windows-x86_64, r-oldrel-macos-arm64, r-oldrel-windows-x86_64

Version: 0.2.6
Check: installed package size
Result: NOTE installed size is 5.8Mb sub-directories of 1Mb or more: data 1.1Mb libs 4.2Mb Flavors: r-release-macos-arm64, r-release-macos-x86_64, r-oldrel-macos-arm64