CRAN Package Check Results for Package serieslcb

Last updated on 2020-01-27 02:47:34 CET.

Flavor Version Tinstall Tcheck Ttotal Status Flags
r-devel-linux-x86_64-debian-clang 0.4.0 3.90 30.67 34.57 OK
r-devel-linux-x86_64-debian-gcc 0.4.0 3.25 24.64 27.89 OK
r-devel-linux-x86_64-fedora-clang 0.4.0 42.03 WARN
r-devel-linux-x86_64-fedora-gcc 0.4.0 41.35 OK
r-devel-windows-ix86+x86_64 0.4.0 11.00 72.00 83.00 OK
r-devel-windows-ix86+x86_64-gcc8 0.4.0 15.00 54.00 69.00 OK
r-patched-linux-x86_64 0.4.0 2.85 27.89 30.74 OK
r-patched-solaris-x86 0.4.0 60.90 OK
r-release-linux-x86_64 0.4.0 2.84 28.00 30.84 OK
r-release-windows-ix86+x86_64 0.4.0 9.00 49.00 58.00 OK
r-release-osx-x86_64 0.4.0 OK
r-oldrel-windows-ix86+x86_64 0.4.0 4.00 49.00 53.00 OK
r-oldrel-osx-x86_64 0.4.0 OK

Check Details

Version: 0.4.0
Check: package dependencies
Result: WARN
    Requires orphaned package: ‘gplots’
Flavor: r-devel-linux-x86_64-fedora-clang