CRAN Package Check Results for Package setRNG

Last updated on 2021-07-31 03:52:18 CEST.

Flavor Version Tinstall Tcheck Ttotal Status Flags
r-devel-linux-x86_64-debian-clang 2013.9-1 NOTE
r-devel-linux-x86_64-debian-gcc 2013.9-1 1.64 20.60 22.24 NOTE
r-devel-linux-x86_64-fedora-clang 2013.9-1 44.28 NOTE
r-devel-linux-x86_64-fedora-gcc 2013.9-1 34.29 NOTE
r-devel-windows-x86_64 2013.9-1 3.00 40.00 43.00 NOTE
r-devel-windows-x86_64-gcc10-UCRT 2013.9-1 NOTE
r-patched-linux-x86_64 2013.9-1 NOTE
r-patched-solaris-x86 2013.9-1 52.20 NOTE
r-release-linux-x86_64 2013.9-1 1.87 25.22 27.09 NOTE
r-release-macos-arm64 2013.9-1 NOTE
r-release-macos-x86_64 2013.9-1 NOTE
r-release-windows-ix86+x86_64 2013.9-1 4.00 33.00 37.00 NOTE
r-oldrel-macos-x86_64 2013.9-1 NOTE
r-oldrel-windows-ix86+x86_64 2013.9-1 4.00 30.00 34.00 NOTE

Check Details

Version: 2013.9-1
Check: R code for possible problems
Result: NOTE
    random.number.test: no visible global function definition for 'runif'
    random.number.test: no visible global function definition for 'rnorm'
    setRNG: no visible global function definition for 'runif'
    Undefined global functions or variables:
     rnorm runif
    Consider adding
     importFrom("stats", "rnorm", "runif")
    to your NAMESPACE file.
Flavors: r-devel-linux-x86_64-debian-clang, r-devel-linux-x86_64-debian-gcc, r-devel-linux-x86_64-fedora-clang, r-devel-linux-x86_64-fedora-gcc, r-devel-windows-x86_64, r-devel-windows-x86_64-gcc10-UCRT, r-patched-linux-x86_64, r-patched-solaris-x86, r-release-linux-x86_64, r-release-macos-arm64, r-release-macos-x86_64, r-release-windows-ix86+x86_64, r-oldrel-macos-x86_64, r-oldrel-windows-ix86+x86_64