CRAN Package Check Results for Package sever

Last updated on 2021-04-10 14:48:09 CEST.

Flavor Version Tinstall Tcheck Ttotal Status Flags
r-devel-linux-x86_64-debian-clang 0.0.6 3.02 32.72 35.74 NOTE
r-devel-linux-x86_64-debian-gcc 0.0.6 2.48 25.49 27.97 NOTE
r-devel-linux-x86_64-fedora-clang 0.0.6 52.64 NOTE
r-devel-linux-x86_64-fedora-gcc 0.0.6 41.89 NOTE
r-devel-windows-ix86+x86_64 0.0.6 8.00 40.00 48.00 NOTE
r-devel-windows-x86_64-gcc10-UCRT 0.0.6 NOTE
r-patched-linux-x86_64 0.0.6 3.52 31.90 35.42 OK
r-patched-solaris-x86 0.0.6 68.90 OK
r-release-linux-x86_64 0.0.6 3.29 31.72 35.01 OK
r-release-macos-x86_64 0.0.6 OK
r-release-windows-ix86+x86_64 0.0.6 7.00 54.00 61.00 OK
r-oldrel-macos-x86_64 0.0.6 OK
r-oldrel-windows-ix86+x86_64 0.0.6 7.00 44.00 51.00 OK

Check Details

Version: 0.0.6
Check: LazyData
Result: NOTE
     'LazyData' is specified without a 'data' directory
Flavors: r-devel-linux-x86_64-debian-clang, r-devel-linux-x86_64-debian-gcc, r-devel-linux-x86_64-fedora-clang, r-devel-linux-x86_64-fedora-gcc, r-devel-windows-ix86+x86_64, r-devel-windows-x86_64-gcc10-UCRT