CRAN Package Check Results for Package sf

Last updated on 2022-09-25 06:54:20 CEST.

Flavor Version Tinstall Tcheck Ttotal Status Flags
r-devel-linux-x86_64-debian-clang 1.0-8 215.79 387.02 602.81 OK
r-devel-linux-x86_64-debian-gcc 1.0-8 177.94 281.77 459.71 OK
r-devel-linux-x86_64-fedora-clang 1.0-8 767.34 NOTE
r-devel-linux-x86_64-fedora-gcc 1.0-8 743.28 OK
r-devel-windows-x86_64 1.0-8 302.00 997.00 1299.00 NOTE
r-patched-linux-x86_64 1.0-8 194.43 360.60 555.03 OK
r-release-linux-x86_64 1.0-8 172.52 353.35 525.87 OK
r-release-macos-arm64 1.0-8 232.00 NOTE
r-release-macos-x86_64 1.0-8 296.00 NOTE
r-release-windows-x86_64 1.0-8 303.00 963.00 1266.00 NOTE
r-oldrel-macos-arm64 1.0-8 209.00 NOTE
r-oldrel-macos-x86_64 1.0-8 308.00 NOTE
r-oldrel-windows-ix86+x86_64 1.0-8 580.00 1095.00 1675.00 NOTE

Check Details

Version: 1.0-8
Check: installed package size
Result: NOTE
     installed size is 7.4Mb
     sub-directories of 1Mb or more:
     doc 1.7Mb
     libs 1.0Mb
     sqlite 1.5Mb
Flavors: r-devel-linux-x86_64-fedora-clang, r-devel-windows-x86_64, r-release-macos-arm64, r-release-macos-x86_64, r-release-windows-x86_64, r-oldrel-macos-arm64, r-oldrel-macos-x86_64, r-oldrel-windows-ix86+x86_64