CRAN Package Check Results for Package sf

Last updated on 2024-02-26 11:50:18 CET.

Flavor Version Tinstall Tcheck Ttotal Status Flags
r-devel-linux-x86_64-debian-clang 1.0-15 256.80 421.60 678.40 OK
r-devel-linux-x86_64-debian-gcc 1.0-15 195.65 315.94 511.59 OK
r-devel-linux-x86_64-fedora-clang 1.0-15 933.67 NOTE
r-devel-linux-x86_64-fedora-gcc 1.0-15 967.74 OK
r-devel-windows-x86_64 1.0-15 206.00 809.00 1015.00 NOTE
r-patched-linux-x86_64 1.0-15 250.38 400.90 651.28 OK
r-release-linux-x86_64 1.0-15 252.48 403.20 655.68 WARN
r-release-macos-arm64 1.0-15 266.00 NOTE
r-release-macos-x86_64 1.0-15 470.00 NOTE
r-release-windows-x86_64 1.0-15 267.00 1037.00 1304.00 WARN
r-oldrel-macos-arm64 1.0-15 273.00 NOTE
r-oldrel-windows-x86_64 1.0-15 287.00 894.00 1181.00 WARN

Additional issues

M1mac

Check Details

Version: 1.0-15
Check: installed package size
Result: NOTE installed size is 7.5Mb sub-directories of 1Mb or more: doc 1.7Mb libs 1.1Mb sqlite 1.5Mb Flavors: r-devel-linux-x86_64-fedora-clang, r-devel-windows-x86_64, r-release-macos-arm64, r-release-macos-x86_64, r-release-windows-x86_64, r-oldrel-macos-arm64, r-oldrel-windows-x86_64

Version: 1.0-15
Check: examples
Result: WARN Found the following significant warnings: Warning: 'lwgeom::st_perimeter' is deprecated. Warning: 'lwgeom::st_perimeter' is deprecated. Deprecated functions may be defunct as soon as of the next release of R. See ?Deprecated. Examples with CPU (user + system) or elapsed time > 5s user system elapsed interpolate_aw 6.887 0.124 8.696 st_as_sf 5.870 0.282 7.799 Flavor: r-release-linux-x86_64

Version: 1.0-15
Check: examples
Result: WARN Found the following significant warnings: Warning: 'lwgeom::st_perimeter' is deprecated. Warning: 'lwgeom::st_perimeter' is deprecated. Deprecated functions may be defunct as soon as of the next release of R. See ?Deprecated. Flavors: r-release-windows-x86_64, r-oldrel-windows-x86_64