CRAN Package Check Results for Package sfdep

Last updated on 2024-02-22 00:58:42 CET.

Flavor Version Tinstall Tcheck Ttotal Status Flags
r-devel-linux-x86_64-debian-clang 0.2.3 NOTE
r-devel-linux-x86_64-debian-gcc 0.2.3 8.20 157.20 165.40 NOTE
r-devel-linux-x86_64-fedora-clang 0.2.4 190.61 OK
r-devel-linux-x86_64-fedora-gcc 0.2.4 184.72 OK
r-devel-windows-x86_64 0.2.3 11.00 196.00 207.00 NOTE
r-patched-linux-x86_64 0.2.3 14.85 210.49 225.34 OK
r-release-linux-x86_64 0.2.3 10.82 204.96 215.78 OK
r-release-macos-arm64 0.2.4 60.00 OK
r-release-macos-x86_64 0.2.4 128.00 OK
r-release-windows-x86_64 0.2.3 15.00 238.00 253.00 OK
r-oldrel-macos-arm64 0.2.4 56.00 OK
r-oldrel-windows-x86_64 0.2.4 14.00 125.00 139.00 OK

Additional issues

noSuggests

Check Details

Version: 0.2.3
Check: Rd files
Result: NOTE checkRd: (-1) kernels.Rd:28: Lost braces; missing escapes or markup? 28 | \item \code{guassian}: K(z) = (2pi)^{1/2} * exp(-z^2/2) | ^ Flavors: r-devel-linux-x86_64-debian-clang, r-devel-linux-x86_64-debian-gcc

Version: 0.2.3
Check: Rd \usage sections
Result: NOTE Documented arguments not in \usage in Rd file 'jc_clc_perm_impl.Rd': ‘a’ Documented arguments not in \usage in Rd file 'local_g_spt.Rd': ‘n_sim’ Documented arguments not in \usage in Rd file 'permute_listw.Rd': ‘a’ Functions with \usage entries need to have the appropriate \alias entries, and all their arguments documented. The \usage entries must correspond to syntactically valid R code. See chapter ‘Writing R documentation files’ in the ‘Writing R Extensions’ manual. Flavors: r-devel-linux-x86_64-debian-clang, r-devel-linux-x86_64-debian-gcc, r-devel-windows-x86_64