Last updated on 2022-06-30 23:52:25 CEST.
Flavor | Version | Tinstall | Tcheck | Ttotal | Status | Flags |
---|---|---|---|---|---|---|
r-devel-linux-x86_64-debian-clang | 1.1.1 | 46.18 | 40.29 | 86.47 | OK | |
r-devel-linux-x86_64-debian-gcc | 1.1.1 | 38.88 | 31.32 | 70.20 | OK | |
r-devel-linux-x86_64-fedora-clang | 1.1.1 | 128.60 | OK | |||
r-devel-linux-x86_64-fedora-gcc | 1.1.1 | 124.70 | OK | |||
r-devel-windows-x86_64 | 1.1.1 | 47.00 | 87.00 | 134.00 | OK | |
r-patched-linux-x86_64 | 1.1.1 | 36.38 | 38.81 | 75.19 | OK | |
r-release-linux-x86_64 | 1.1.1 | 41.16 | 38.54 | 79.70 | OK | |
r-release-macos-arm64 | 1.1.1 | 34.00 | OK | |||
r-release-macos-x86_64 | 1.1.1 | 58.00 | OK | |||
r-release-windows-x86_64 | 1.1.1 | 47.00 | 86.00 | 133.00 | OK | |
r-oldrel-macos-arm64 | 1.1.1 | 39.00 | NOTE | |||
r-oldrel-macos-x86_64 | 1.1.1 | 54.00 | OK | |||
r-oldrel-windows-ix86+x86_64 | 1.1.1 | 111.00 | 88.00 | 199.00 | OK |
Version: 1.1.1
Check: installed package size
Result: NOTE
installed size is 5.7Mb
sub-directories of 1Mb or more:
libs 4.9Mb
Flavor: r-oldrel-macos-arm64