CRAN Package Check Results for Package sglasso

Last updated on 2018-02-21 05:48:55 CET.

Flavor Version Tinstall Tcheck Ttotal Status Flags
r-devel-linux-x86_64-debian-clang 1.2.2 6.15 54.31 60.46 NOTE
r-devel-linux-x86_64-debian-gcc 1.2.2 5.28 42.88 48.16 NOTE
r-devel-linux-x86_64-fedora-clang 1.2.2 77.18 NOTE
r-devel-linux-x86_64-fedora-gcc 1.2.2 71.49 NOTE
r-devel-windows-ix86+x86_64 1.2.2 21.00 90.00 111.00 OK
r-patched-linux-x86_64 1.2.2 5.66 56.20 61.86 NOTE
r-patched-solaris-x86 1.2.2 125.30 OK
r-release-linux-x86_64 1.2.2 5.70 55.46 61.16 NOTE
r-release-windows-ix86+x86_64 1.2.2 22.00 106.00 128.00 OK
r-release-osx-x86_64 1.2.2 OK
r-oldrel-windows-ix86+x86_64 1.2.2 22.00 95.00 117.00 OK
r-oldrel-osx-x86_64 1.2.2 OK

Check Details

Version: 1.2.2
Check: compiled code
Result: NOTE
    File ‘sglasso/libs/sglasso.so’:
     Found no calls to: ‘R_registerRoutines’, ‘R_useDynamicSymbols’
    
    It is good practice to register native routines and to disable symbol
    search.
    
    See ‘Writing portable packages’ in the ‘Writing R Extensions’ manual.
Flavors: r-devel-linux-x86_64-debian-clang, r-devel-linux-x86_64-debian-gcc, r-devel-linux-x86_64-fedora-clang, r-devel-linux-x86_64-fedora-gcc, r-patched-linux-x86_64, r-release-linux-x86_64