CRAN Package Check Results for Package sglasso

Last updated on 2018-05-24 18:47:36 CEST.

Flavor Version Tinstall Tcheck Ttotal Status Flags
r-devel-linux-x86_64-debian-clang 1.2.2 8.81 57.47 66.28 NOTE
r-devel-linux-x86_64-debian-gcc 1.2.2 6.34 49.80 56.14 NOTE
r-devel-linux-x86_64-fedora-clang 1.2.2 87.70 NOTE
r-devel-linux-x86_64-fedora-gcc 1.2.2 83.64 NOTE
r-devel-windows-ix86+x86_64 1.2.2 20.00 129.00 149.00 OK
r-patched-linux-x86_64 1.2.2 7.34 53.90 61.24 NOTE
r-patched-solaris-x86 1.2.2 118.90 OK
r-release-linux-x86_64 1.2.2 7.38 53.61 60.99 NOTE
r-release-windows-ix86+x86_64 1.2.2 26.00 91.00 117.00 OK
r-release-osx-x86_64 1.2.2 OK
r-oldrel-windows-ix86+x86_64 1.2.2 25.00 82.00 107.00 OK
r-oldrel-osx-x86_64 1.2.2 OK

Check Details

Version: 1.2.2
Check: compiled code
Result: NOTE
    File ‘sglasso/libs/sglasso.so’:
     Found no calls to: ‘R_registerRoutines’, ‘R_useDynamicSymbols’
    
    It is good practice to register native routines and to disable symbol
    search.
    
    See ‘Writing portable packages’ in the ‘Writing R Extensions’ manual.
Flavors: r-devel-linux-x86_64-debian-clang, r-devel-linux-x86_64-debian-gcc, r-devel-linux-x86_64-fedora-clang, r-devel-linux-x86_64-fedora-gcc, r-patched-linux-x86_64, r-release-linux-x86_64