CRAN Package Check Results for Package sgr

Last updated on 2020-02-24 14:48:17 CET.

Flavor Version Tinstall Tcheck Ttotal Status Flags
r-devel-linux-x86_64-debian-clang 1.3 2.82 23.33 26.15 NOTE
r-devel-linux-x86_64-debian-gcc 1.3 2.25 18.54 20.79 NOTE
r-devel-linux-x86_64-fedora-clang 1.3 33.84 NOTE
r-devel-linux-x86_64-fedora-gcc 1.3 31.21 NOTE
r-devel-windows-ix86+x86_64 1.3 6.00 40.00 46.00 NOTE
r-devel-windows-ix86+x86_64-gcc8 1.3 8.00 36.00 44.00 NOTE
r-patched-linux-x86_64 1.3 NOTE
r-patched-solaris-x86 1.3 43.40 NOTE
r-release-linux-x86_64 1.3 2.24 21.25 23.49 NOTE
r-release-windows-ix86+x86_64 1.3 5.00 33.00 38.00 NOTE
r-release-osx-x86_64 1.3 NOTE
r-oldrel-windows-ix86+x86_64 1.3 5.00 34.00 39.00 NOTE
r-oldrel-osx-x86_64 1.3 NOTE

Check Details

Version: 1.3
Check: R code for possible problems
Result: NOTE
    amse: no visible global function definition for 'na.omit'
    arb: no visible global function definition for 'na.omit'
    rdatagen: no visible global function definition for 'qnorm'
    rdatagen: no visible global function definition for 'pbinom'
    rdatagen: no visible global function definition for 'pnorm'
    Undefined global functions or variables:
     na.omit pbinom pnorm qnorm
    Consider adding
     importFrom("stats", "na.omit", "pbinom", "pnorm", "qnorm")
    to your NAMESPACE file.
Flavors: r-devel-linux-x86_64-debian-clang, r-devel-linux-x86_64-debian-gcc, r-devel-linux-x86_64-fedora-clang, r-devel-linux-x86_64-fedora-gcc, r-devel-windows-ix86+x86_64, r-devel-windows-ix86+x86_64-gcc8, r-patched-linux-x86_64, r-patched-solaris-x86, r-release-linux-x86_64, r-release-windows-ix86+x86_64, r-release-osx-x86_64, r-oldrel-windows-ix86+x86_64, r-oldrel-osx-x86_64