CRAN Package Check Results for Package sgr

Last updated on 2019-09-21 07:49:24 CEST.

Flavor Version Tinstall Tcheck Ttotal Status Flags
r-devel-linux-x86_64-debian-clang 1.3 2.14 21.39 23.53 NOTE
r-devel-linux-x86_64-debian-gcc 1.3 2.07 17.23 19.30 NOTE
r-devel-linux-x86_64-fedora-clang 1.3 30.06 NOTE
r-devel-linux-x86_64-fedora-gcc 1.3 29.06 NOTE
r-devel-windows-ix86+x86_64 1.3 8.00 33.00 41.00 NOTE
r-patched-linux-x86_64 1.3 2.06 21.23 23.29 NOTE
r-patched-solaris-x86 1.3 43.50 NOTE
r-release-linux-x86_64 1.3 1.98 21.45 23.43 NOTE
r-release-windows-ix86+x86_64 1.3 6.00 31.00 37.00 NOTE
r-release-osx-x86_64 1.3 NOTE
r-oldrel-windows-ix86+x86_64 1.3 3.00 55.00 58.00 NOTE
r-oldrel-osx-x86_64 1.3 NOTE

Check Details

Version: 1.3
Check: R code for possible problems
Result: NOTE
    amse: no visible global function definition for 'na.omit'
    arb: no visible global function definition for 'na.omit'
    rdatagen: no visible global function definition for 'qnorm'
    rdatagen: no visible global function definition for 'pbinom'
    rdatagen: no visible global function definition for 'pnorm'
    Undefined global functions or variables:
     na.omit pbinom pnorm qnorm
    Consider adding
     importFrom("stats", "na.omit", "pbinom", "pnorm", "qnorm")
    to your NAMESPACE file.
Flavors: r-devel-linux-x86_64-debian-clang, r-devel-linux-x86_64-debian-gcc, r-devel-linux-x86_64-fedora-clang, r-devel-linux-x86_64-fedora-gcc, r-devel-windows-ix86+x86_64, r-patched-linux-x86_64, r-patched-solaris-x86, r-release-linux-x86_64, r-release-windows-ix86+x86_64, r-release-osx-x86_64, r-oldrel-windows-ix86+x86_64, r-oldrel-osx-x86_64