CRAN Package Check Results for Package shapes

Last updated on 2019-09-20 05:47:06 CEST.

Flavor Version Tinstall Tcheck Ttotal Status Flags
r-devel-linux-x86_64-debian-clang 1.2.4 10.87 90.38 101.25 OK
r-devel-linux-x86_64-debian-gcc 1.2.4 11.23 69.82 81.05 OK
r-devel-linux-x86_64-fedora-clang 1.2.4 123.86 OK
r-devel-linux-x86_64-fedora-gcc 1.2.4 123.85 OK
r-devel-windows-ix86+x86_64 1.2.4 31.00 107.00 138.00 OK
r-patched-linux-x86_64 1.2.4 15.00 89.21 104.21 OK
r-patched-solaris-x86 1.2.4 164.50 OK
r-release-linux-x86_64 1.2.4 12.10 89.74 101.84 OK
r-release-windows-ix86+x86_64 1.2.4 23.00 144.00 167.00 OK
r-release-osx-x86_64 1.2.4 WARN
r-oldrel-windows-ix86+x86_64 1.2.4 17.00 91.00 108.00 OK
r-oldrel-osx-x86_64 1.2.4 WARN

Check Details

Version: 1.2.4
Check: whether package can be installed
Result: WARN
    Found the following significant warnings:
     Warning: 'rgl_init' failed, running with rgl.useNULL = TRUE
Flavors: r-release-osx-x86_64, r-oldrel-osx-x86_64