CRAN Package Check Results for Package shapes

Last updated on 2020-02-27 17:51:09 CET.

Flavor Version Tinstall Tcheck Ttotal Status Flags
r-devel-linux-x86_64-debian-clang 1.2.5 15.45 108.53 123.98 OK
r-devel-linux-x86_64-debian-gcc 1.2.5 14.36 83.42 97.78 OK
r-devel-linux-x86_64-fedora-clang 1.2.5 152.64 OK
r-devel-linux-x86_64-fedora-gcc 1.2.5 141.16 OK
r-devel-windows-ix86+x86_64 1.2.5 29.00 117.00 146.00 OK
r-devel-windows-ix86+x86_64-gcc8 1.2.5 29.00 119.00 148.00 OK
r-patched-linux-x86_64 1.2.5 15.59 96.67 112.26 OK
r-patched-solaris-x86 1.2.5 173.60 OK
r-release-linux-x86_64 1.2.5 14.20 94.84 109.04 OK
r-release-windows-ix86+x86_64 1.2.5 2.00 6.00 8.00 ERROR
r-release-osx-x86_64 1.2.5 WARN
r-oldrel-windows-ix86+x86_64 1.2.5 2.00 5.00 7.00 ERROR
r-oldrel-osx-x86_64 1.2.5 WARN

Check Details

Version: 1.2.5
Check: whether package can be installed
Result: ERROR
    Installation failed.
Flavors: r-release-windows-ix86+x86_64, r-oldrel-windows-ix86+x86_64

Version: 1.2.5
Check: whether package can be installed
Result: WARN
    Found the following significant warnings:
     Warning: 'rgl_init' failed, running with rgl.useNULL = TRUE
Flavors: r-release-osx-x86_64, r-oldrel-osx-x86_64

Version: 1.2.5
Check: dependencies in R code
Result: NOTE
    No protocol specified
Flavors: r-release-osx-x86_64, r-oldrel-osx-x86_64

Version: 1.2.5
Check: S3 generic/method consistency
Result: WARN
    No protocol specified
    See section ‘Generic functions and methods’ in the ‘Writing R
    Extensions’ manual.
Flavors: r-release-osx-x86_64, r-oldrel-osx-x86_64

Version: 1.2.5
Check: replacement functions
Result: WARN
    No protocol specified
    The argument of a replacement function which corresponds to the right
    hand side must be named ‘value’.
Flavors: r-release-osx-x86_64, r-oldrel-osx-x86_64

Version: 1.2.5
Check: foreign function calls
Result: NOTE
    No protocol specified
    See chapter ‘System and foreign language interfaces’ in the ‘Writing R
    Extensions’ manual.
Flavors: r-release-osx-x86_64, r-oldrel-osx-x86_64

Version: 1.2.5
Check: R code for possible problems
Result: NOTE
    No protocol specified
Flavors: r-release-osx-x86_64, r-oldrel-osx-x86_64

Version: 1.2.5
Check: for missing documentation entries
Result: WARN
    No protocol specified
    All user-level objects in a package should have documentation entries.
    See chapter ‘Writing R documentation files’ in the ‘Writing R
    Extensions’ manual.
Flavors: r-release-osx-x86_64, r-oldrel-osx-x86_64

Version: 1.2.5
Check: for code/documentation mismatches
Result: WARN
    No protocol specified
    No protocol specified
    No protocol specified
Flavors: r-release-osx-x86_64, r-oldrel-osx-x86_64

Version: 1.2.5
Check: Rd \usage sections
Result: NOTE
    No protocol specified
    The \usage entries for S3 methods should use the \method markup and not
    their full name.
    See chapter ‘Writing R documentation files’ in the ‘Writing R
    Extensions’ manual.
Flavors: r-release-osx-x86_64, r-oldrel-osx-x86_64