CRAN Package Check Results for Package shapr

Last updated on 2022-08-08 10:56:34 CEST.

Flavor Version Tinstall Tcheck Ttotal Status Flags
r-devel-linux-x86_64-debian-clang 0.2.0 83.32 154.93 238.25 NOTE
r-devel-linux-x86_64-debian-gcc 0.2.0 64.74 111.09 175.83 NOTE
r-devel-linux-x86_64-fedora-clang 0.2.0 301.27 NOTE
r-devel-linux-x86_64-fedora-gcc 0.2.0 291.65 NOTE
r-devel-windows-x86_64 0.2.0 86.00 168.00 254.00 NOTE
r-patched-linux-x86_64 0.2.0 69.29 133.78 203.07 NOTE
r-release-linux-x86_64 0.2.0 NOTE
r-release-macos-arm64 0.2.0 69.00 NOTE
r-release-macos-x86_64 0.2.0 95.00 NOTE
r-release-windows-x86_64 0.2.0 101.00 170.00 271.00 NOTE
r-oldrel-macos-arm64 0.2.0 92.00 NOTE
r-oldrel-macos-x86_64 0.2.0 137.00 NOTE
r-oldrel-windows-ix86+x86_64 0.2.0 201.00 208.00 409.00 NOTE

Check Details

Version: 0.2.0
Check: LazyData
Result: NOTE
     'LazyData' is specified without a 'data' directory
Flavors: r-devel-linux-x86_64-debian-clang, r-devel-linux-x86_64-debian-gcc, r-devel-linux-x86_64-fedora-clang, r-devel-linux-x86_64-fedora-gcc, r-devel-windows-x86_64, r-patched-linux-x86_64, r-release-linux-x86_64, r-release-macos-arm64, r-release-macos-x86_64, r-release-windows-x86_64, r-oldrel-macos-arm64, r-oldrel-macos-x86_64, r-oldrel-windows-ix86+x86_64