CRAN Package Check Results for Package sharp

Last updated on 2024-02-28 05:59:19 CET.

Flavor Version Tinstall Tcheck Ttotal Status Flags
r-devel-linux-x86_64-debian-clang 1.4.6 13.48 149.04 162.52 NOTE
r-devel-linux-x86_64-debian-gcc 1.4.6 12.38 115.07 127.45 NOTE
r-devel-linux-x86_64-fedora-clang 1.4.6 198.98 NOTE
r-devel-linux-x86_64-fedora-gcc 1.4.6 220.33 NOTE
r-devel-windows-x86_64 1.4.6 13.00 165.00 178.00 NOTE
r-patched-linux-x86_64 1.4.6 20.42 146.49 166.91 NOTE
r-release-linux-x86_64 1.4.6 9.04 144.44 153.48 NOTE
r-release-macos-arm64 1.4.6 73.00 NOTE
r-release-macos-x86_64 1.4.6 176.00 NOTE
r-release-windows-x86_64 1.4.6 18.00 201.00 219.00 NOTE
r-oldrel-macos-arm64 1.4.6 73.00 NOTE
r-oldrel-windows-x86_64 1.4.6 18.00 172.00 190.00 NOTE

Check Details

Version: 1.4.6
Check: package dependencies
Result: NOTE Package suggested but not available for checking: ‘rCOSA’ Flavors: r-devel-linux-x86_64-debian-clang, r-devel-linux-x86_64-debian-gcc, r-devel-linux-x86_64-fedora-clang, r-devel-linux-x86_64-fedora-gcc, r-devel-windows-x86_64, r-patched-linux-x86_64, r-release-linux-x86_64, r-release-macos-arm64, r-release-macos-x86_64, r-release-windows-x86_64, r-oldrel-macos-arm64, r-oldrel-windows-x86_64

Version: 1.4.6
Check: Rd cross-references
Result: NOTE Package unavailable to check Rd xrefs: ‘rCOSA’ Flavors: r-devel-linux-x86_64-debian-clang, r-devel-linux-x86_64-debian-gcc, r-devel-linux-x86_64-fedora-clang, r-devel-linux-x86_64-fedora-gcc, r-devel-windows-x86_64, r-patched-linux-x86_64, r-release-linux-x86_64, r-release-macos-arm64, r-release-macos-x86_64, r-release-windows-x86_64, r-oldrel-macos-arm64, r-oldrel-windows-x86_64