CRAN Package Check Results for Package sharpshootR

Last updated on 2018-02-24 14:48:16 CET.

Flavor Version Tinstall Tcheck Ttotal Status Flags
r-devel-linux-x86_64-debian-clang 1.0 7.60 104.18 111.78 OK
r-devel-linux-x86_64-debian-gcc 1.0 8.60 85.42 94.02 OK
r-devel-linux-x86_64-fedora-clang 1.0 142.38 OK
r-devel-linux-x86_64-fedora-gcc 1.0 139.21 OK
r-devel-windows-ix86+x86_64 1.0 26.00 154.00 180.00 OK
r-patched-linux-x86_64 1.0 8.97 116.33 125.30 OK
r-patched-solaris-x86 1.0 242.50 OK
r-release-linux-x86_64 1.0 8.34 113.21 121.55 OK
r-release-windows-ix86+x86_64 1.0 24.00 163.00 187.00 OK
r-release-osx-x86_64 1.0 NOTE
r-oldrel-windows-ix86+x86_64 1.0 17.00 117.00 134.00 OK
r-oldrel-osx-x86_64 1.0 OK

Check Details

Version: 1.0
Check: package dependencies
Result: NOTE
    Packages suggested but not available for checking: ‘rgdal’ ‘rgeos’
Flavor: r-release-osx-x86_64