CRAN Package Check Results for Package sharpshootR

Last updated on 2018-05-22 11:47:49 CEST.

Flavor Version Tinstall Tcheck Ttotal Status Flags
r-devel-linux-x86_64-debian-clang 1.0 10.46 110.88 121.34 OK
r-devel-linux-x86_64-debian-gcc 1.0 9.35 98.03 107.38 OK
r-devel-linux-x86_64-fedora-clang 1.0 164.87 OK
r-devel-linux-x86_64-fedora-gcc 1.0 160.25 OK
r-devel-windows-ix86+x86_64 1.0 19.00 193.00 212.00 OK
r-patched-linux-x86_64 1.0 9.91 104.58 114.49 OK
r-patched-solaris-x86 1.0 223.30 OK
r-release-linux-x86_64 1.0 8.67 102.80 111.47 OK
r-release-windows-ix86+x86_64 1.0 19.00 177.00 196.00 OK
r-release-osx-x86_64 1.0 OK
r-oldrel-windows-ix86+x86_64 1.0 30.00 126.00 156.00 OK
r-oldrel-osx-x86_64 1.0 NOTE

Check Details

Version: 1.0
Check: package dependencies
Result: NOTE
    Packages suggested but not available for checking: ‘rgdal’ ‘rgeos’
Flavor: r-oldrel-osx-x86_64