CRAN Package Check Results for Package shazam

Last updated on 2018-02-19 08:47:20 CET.

Flavor Version Tinstall Tcheck Ttotal Status Flags
r-devel-linux-x86_64-debian-clang 0.1.8 9.42 396.89 406.31 OK
r-devel-linux-x86_64-debian-gcc 0.1.8 8.81 326.99 335.80 OK
r-devel-linux-x86_64-fedora-clang 0.1.8 531.80 NOTE
r-devel-linux-x86_64-fedora-gcc 0.1.8 481.86 NOTE
r-devel-windows-ix86+x86_64 0.1.8 14.00 428.00 442.00 OK
r-patched-linux-x86_64 0.1.8 6.08 469.19 475.27 OK
r-patched-solaris-x86 0.1.8 621.00 NOTE
r-release-linux-x86_64 0.1.8 5.86 480.80 486.66 OK
r-release-windows-ix86+x86_64 0.1.8 20.00 454.00 474.00 OK
r-release-osx-x86_64 0.1.8 NOTE
r-oldrel-windows-ix86+x86_64 0.1.8 14.00 563.00 577.00 OK
r-oldrel-osx-x86_64 0.1.8 NOTE

Check Details

Version: 0.1.8
Check: data for non-ASCII characters
Result: NOTE
     Note: found 2 marked UTF-8 strings
Flavors: r-devel-linux-x86_64-fedora-clang, r-devel-linux-x86_64-fedora-gcc, r-patched-solaris-x86, r-release-osx-x86_64, r-oldrel-osx-x86_64