CRAN Package Check Results for Package shazam

Last updated on 2018-05-26 08:49:51 CEST.

Flavor Version Tinstall Tcheck Ttotal Status Flags
r-devel-linux-x86_64-debian-clang 0.1.9 13.03 439.44 452.47 OK
r-devel-linux-x86_64-debian-gcc 0.1.9 10.21 340.03 350.24 OK
r-devel-linux-x86_64-fedora-clang 0.1.9 542.02 NOTE
r-devel-linux-x86_64-fedora-gcc 0.1.9 527.12 NOTE
r-devel-windows-ix86+x86_64 0.1.9 17.00 420.00 437.00 OK
r-patched-linux-x86_64 0.1.9 10.76 431.39 442.15 OK
r-patched-solaris-x86 0.1.9 630.60 NOTE
r-release-linux-x86_64 0.1.9 10.75 439.12 449.87 OK
r-release-windows-ix86+x86_64 0.1.9 29.00 563.00 592.00 OK
r-release-osx-x86_64 0.1.9 NOTE
r-oldrel-windows-ix86+x86_64 0.1.9 19.00 436.00 455.00 OK
r-oldrel-osx-x86_64 0.1.9 NOTE

Check Details

Version: 0.1.9
Check: data for non-ASCII characters
Result: NOTE
     Note: found 2 marked UTF-8 strings
Flavors: r-devel-linux-x86_64-fedora-clang, r-devel-linux-x86_64-fedora-gcc, r-patched-solaris-x86, r-release-osx-x86_64, r-oldrel-osx-x86_64