CRAN Package Check Results for Package shazam

Last updated on 2019-01-23 08:49:22 CET.

Flavor Version Tinstall Tcheck Ttotal Status Flags
r-devel-linux-x86_64-debian-clang 0.1.10 12.25 459.50 471.75 WARN
r-devel-linux-x86_64-debian-gcc 0.1.10 10.34 326.99 337.33 WARN
r-devel-linux-x86_64-fedora-clang 0.1.10 540.70 WARN
r-devel-linux-x86_64-fedora-gcc 0.1.10 504.81 WARN
r-devel-windows-ix86+x86_64 0.1.10 26.00 497.00 523.00 WARN
r-patched-linux-x86_64 0.1.10 10.61 404.09 414.70 OK
r-patched-solaris-x86 0.1.10 661.40 OK
r-release-linux-x86_64 0.1.10 11.56 411.48 423.04 OK
r-release-windows-ix86+x86_64 0.1.10 18.00 534.00 552.00 OK
r-release-osx-x86_64 0.1.10 OK
r-oldrel-windows-ix86+x86_64 0.1.10 23.00 622.00 645.00 OK
r-oldrel-osx-x86_64 0.1.10 OK

Check Details

Version: 0.1.10
Check: whether package can be installed
Result: WARN
    Found the following significant warnings:
     The prototype for class “RegionDefinition” has undefined slot(s): 'boundaries1', 'boundaries2', 'boundaries3', 'boundaries4', 'boundaries5', 'boundaries6', 'boundaries7', 'boundaries8', 'boundaries9', 'boundaries10', 'boundaries11', 'boundaries12', 'boundaries13', 'boundaries14', 'boundaries15', 'boundaries16', 'boundaries17', 'boundaries18', 'boundaries19', 'boundaries20', 'boundaries21', 'boundaries22', 'boundaries23', 'boundaries24', 'boundaries25', 'boundaries26', 'boundaries27', 'boundaries28', 'boundaries29', 'boundaries30', 'boundaries31', 'boundaries32', 'boundaries33', 'boundaries34', 'boundaries35', 'boundaries36', 'boundaries37', 'boundaries38', 'boundaries39', 'boundaries40', 'boundaries41', 'boundaries42', 'boundaries43', 'boundaries44', 'boundaries45', 'boundaries46', 'boundaries47', 'boundaries48', 'boundaries49', 'boundaries50', 'boundaries51', 'boundaries52', 'boundaries53', 'boundaries54', 'boundaries55', 'boundaries56', 'boundaries57', 'boundaries58', 'boundaries59', 'boundaries60', 'boundaries61', 'boundaries62', 'boundaries63', 'boundaries64', 'boundaries65', 'boundaries66', 'boundaries67', 'boundaries68', 'boundaries69', 'boundaries70', 'boundaries71', 'boundaries72', 'boundaries73', 'boundaries74', 'boundaries75', 'boundaries76', 'boundaries77', 'boundaries78', 'boundaries79', 'boundaries80', 'boundaries81', 'boundaries82', 'boundaries83', 'boundaries84', 'boundaries85', 'boundaries86', 'boundaries87', 'boundaries88', 'boundaries89', 'boundaries90', 'boundaries91', 'boundaries92', 'boundaries93', 'boundaries94', 'boundaries95', 'boundaries96', 'boundaries97', 'boundaries98', 'boundaries99', 'boundaries100', 'boundaries101', 'boundaries102', 'boundaries103', 'boundaries104', 'boundaries105', 'boundaries106', 'boundaries107', 'boundaries108', 'boundaries109', 'boundaries110', 'boundaries111', 'boundaries112', 'boundaries113', 'boundaries114', 'boundaries115', 'boundaries116', 'boundaries117', 'boundaries118', 'boundaries119', 'boundaries120', 'boundaries121', 'boundaries122', 'boundaries123', 'boundaries124', 'boundaries125', 'boundaries126', 'boundaries127', 'boundaries128', 'boundaries129', 'boundaries130', 'boundaries131', 'boundaries132', 'boundaries133', 'boundaries134', 'boundaries135', 'boundaries136', 'boundaries137', 'boundaries138', 'boundaries139', 'boundaries140', 'boundaries141', 'boundaries142', 'boundaries143', 'boundaries144', 'boundaries145', 'boundaries146', 'boundaries147', 'boundaries148', 'boundaries149', 'boundaries150', 'boundaries151', 'boundaries152', 'boundaries153', 'boundaries154', 'boundaries155', 'boundaries156', 'boundaries157', 'boundaries158', 'boundaries159', 'boundaries160', 'boundaries161', 'boundaries162', 'boundaries163', 'boundaries164', 'boundaries165', 'boundaries166', 'boundaries167', 'boundaries168', 'boundaries169', 'boundaries170', 'boundaries171', 'boundaries172', 'boundaries173', 'boundaries174', 'boundaries175', 'boundaries176', 'boundaries177', 'boundaries178', 'boundaries179', 'boundaries180', 'boundaries181', 'boundaries182', 'boundaries183', 'boundaries184', 'boundaries185', 'boundaries186', 'boundaries187', 'boundaries188', 'boundaries189', 'boundaries190', 'boundaries191', 'boundaries192', 'boundaries193', 'boundaries194', 'boundaries195', 'boundaries196', 'boundaries197', 'boundaries198', 'boundaries199', 'boundaries200', 'boundaries201', 'boundaries202', 'boundaries203', 'boundaries204', 'boundaries205', 'boundaries206', 'boundaries207', 'boundaries208', 'boundaries209', 'boundaries210', 'boundaries211', 'boundaries212', 'boundaries213', 'boundaries214', 'boundaries215', 'boundaries216', 'boundaries217', 'boundaries218', 'boundaries219', 'boundaries220', 'boundaries221', 'boundaries222', 'boundaries223', 'boundaries224', 'boundaries225', 'boundaries226', 'boundaries227', 'boundaries228', 'boundaries229', 'boundaries230', 'boundaries231', 'boundaries232', 'boundaries233', 'boundaries234', 'boundaries235', 'boundaries236', 'boundaries237', 'boundaries238', 'boundaries239', 'boundaries240', 'boundaries241', 'boundaries242', 'boundaries243', 'boundaries244', 'boundaries245', 'boundaries246', 'boundaries247', 'boundaries248', 'boundaries249', 'boundaries250', 'boundaries251', 'boundaries252', 'boundaries253', 'boundaries254', 'boundaries255', 'boundaries256', 'boundaries257', 'boundaries258', 'boundaries259', 'boundaries260', 'boundaries261', 'boundaries262', 'boundaries263', 'boundaries264', 'boundaries265', 'boundaries266', 'boundaries267', 'boundaries268', 'boundaries269', 'boundaries270', 'boundaries271', 'boundaries272', 'boundaries273', 'boundaries274', 'boundaries275', 'boundaries276', 'boundaries277', 'boundaries278', 'boundaries279', 'boundaries280', 'boundaries281', 'boundaries282', 'boundaries283', 'boundaries284', 'boundaries285', 'boundaries286', 'boundaries287', 'boundaries288', 'boundaries289', 'boundaries290', 'boundaries291', 'boundaries292', 'boundaries293', 'boundaries294', 'boundaries295', 'boundaries296', 'boundaries297', 'boundaries298', 'boundaries299', 'boundaries300', 'boundaries301', 'boundaries302', 'boundaries303', 'boundaries304', 'boundaries305', 'boundaries306', 'boundaries307', 'boundaries308', 'boundaries309', 'boundaries310', 'boundaries311', 'boundaries312', 'regions1', 'regions2', 'labels1', 'labels2', 'labels3', 'labels4'
     The prototype for class “TargetingModel” has undefined slot(s): 'mutability1', 'mutability2', 'mutability3', 'mutability4', 'mutability5', 'mutability6', 'mutability7', 'mutability8', 'mutability9', 'mutability10', 'mutability11', 'mutability12', 'mutability13', 'mutability14', 'mutability15', 'mutability16', 'mutability17', 'mutability18', 'mutability19', 'mutability20', 'mutability21', 'mutability22', 'mutability23', 'mutability24', 'mutability25', 'mutability26', 'mutability27', 'mutability28', 'mutability29', 'mutability30', 'mutability31', 'mutability32', 'mutability33', 'mutability34', 'mutability35', 'mutability36', 'mutability37', 'mutability38', 'mutability39', 'mutability40', 'mutability41', 'mutability42', 'mutability43', 'mutability44', 'mutability45', 'mutability46', 'mutability47', 'mutability48', 'mutability49', 'mutability50', 'mutability51', 'mutability52', 'mutability53', 'mutability54', 'mutability55', 'mutability56', 'mutability57', 'mutability58', 'mutability59', 'mutability60', 'mutability61', 'mutability62', 'mutability63', 'mutability64', 'mutability65', 'mutability66', 'mutability67', 'mutability68', 'mutability69', 'mutability70', 'mutability71', 'mutability72', 'mutability73', 'mutability74', 'mutability75', 'mutability76', 'mutability77', 'mutability78', 'mutability79', 'mutability80', 'mutability81', 'mutability82', 'mutability83', 'mutability84', 'mutability85', 'mutability86', 'mutability87', 'mutability88', 'mutability89', 'mutability90', 'mutability91', 'mutability92', 'mutability93', 'mutability94', 'mutability95', 'mutability96', 'mutability97', 'mutability98', 'mutability99', 'mutability100', 'mutability101', 'mutability102', 'mutability103', 'mutability104', 'mutability105', 'mutability106', 'mutability107', 'mutability108', 'mutability109', 'mutability110', 'mutability111', 'mutability112', 'mutability113', 'mutability114', 'mutability115', 'mutability116', 'mutability117', 'mutability118', 'mutability119', 'mutability120', 'mutability121', 'mutability122', 'mutability123', 'mutability124', 'mutability125', 'mutability126', 'mutability127', 'mutability128', 'mutability129', 'mutability130', 'mutability131', 'mutability132', 'mutability133', 'mutability134', 'mutability135', 'mutability136', 'mutability137', 'mutability138', 'mutability139', 'mutability140', 'mutability141', 'mutability142', 'mutability143', 'mutability144', 'mutability145', 'mutability146', 'mutability147', 'mutability148', 'mutability149', 'mutability150', 'mutability151', 'mutability152', 'mutability153', 'mutability154', 'mutability155', 'mutability156', 'mutability157', 'mutability158', 'mutability159', 'mutability160', 'mutability161', 'mutability162', 'mutability163', 'mutability164', 'mutability165', 'mutability166', 'mutability167', 'mutability168', 'mutability169', 'mutability170', 'mutability171', 'mutability172', 'mutability173', 'mutability174', 'mutability175', 'mutability176', 'mutability177', 'mutability178', 'mutability179', 'mutability180', 'mutability181', 'mutability182', 'mutability183', 'mutability184', 'mutability185', 'mutability186', 'mutability187', 'mutability188', 'mutability189', 'mutability190', 'mutability191', 'mutability192', 'mutability193', 'mutability194', 'mutability195', 'mutability196', 'mutability197', 'mutability198', 'mutability199', 'mutability200', 'mutability201', 'mutability202', 'mutability203', 'mutability204', 'mutability205', 'mutability206', 'mutability207', 'mutability208', 'mutability209', 'mutability210', 'mutability211', 'mutability212', 'mutability213', 'mutability214', 'mutability215', 'mutability216', 'mutability217', 'mutability218', 'mutability219', 'mutability220', 'mutability221', 'mutability222', 'mutability223', 'mutability224', 'mutability225', 'mutability226', 'mutability227', 'mutability228', 'mutability229', 'mutability230', 'mutability231', 'mutability232', 'mutability233', 'mutability234', 'mutability235', 'mutability236', 'mutability237', 'mutability238', 'mutability239', 'mutability240', 'mutability241', 'mutability242', 'mutability243', 'mutability244', 'mutability245', 'mutability246', 'mutability247', 'mutability248', 'mutability249', 'mutability250', 'mutability251', 'mutability252', 'mutability253', 'mutability254', 'mutability255', 'mutability256', 'mutability257', 'mutability258', 'mutability259', 'mutability260', 'mutability261', 'mutability262', 'mutability263', 'mutability264', 'mutability265', 'mutability266', 'mutability267', 'mutability268', 'mutability269', 'mutability270', 'mutability271', 'mutability272', 'mutability273', 'mutability274', 'mutability275', 'mutability276', 'mutability277', 'mutability278', 'mutability279', 'mutability280', 'mutability281', 'mutability282', 'mutability283', 'mutability284', 'mutability285', 'mutability286', 'mutability287', 'mutability288', 'mutability289', 'mutability290', 'mutability291', 'mutability292', 'mutability293', 'mutability294', 'mutability295', 'mutability296', 'mutability297', 'mutability298', 'mutability299', 'mutability300', 'mutability301', 'mutability302', 'mutability303', 'mutability304', 'mutability305', 'mutability306', 'mutability307', 'mutability308', 'mutability309', 'mutability310', 'mutability311', 'mutability312', 'mutability313', 'mutability314', 'mutability315', 'mutability316', 'mutability317', 'mutability318', 'mutability319', 'mutability320', 'mutability321', 'mutability322', 'mutability323', 'mutability324', 'mutability325', 'mutability326', 'mutability327', 'mutability328', 'mutability329', 'mutability330', 'mutability331', 'mutability332', 'mutability333', 'mutability334', 'mutability335', 'mutability336', 'mutability337', 'mutability338', 'mutability339', 'mutability340', 'mutability341', 'mutability342', 'mutability343', 'mutability344', 'mutability345', 'mutability346', 'mutability347', 'mutability348', 'mutability349', 'mutability350', 'mutability351', 'mutability352', 'mutability353', 'mutability354', 'mutability355', 'mutability356', 'mutability357', 'mutability358', 'mutability359', 'mutability360', 'mutability361', 'mutability362', 'mutability363', 'mutability364', 'mutability365', 'mutability366', 'mutability367', 'mutability368', 'mutability369', 'mutability370', 'mutability371', 'mutability372', 'mutability373', 'mutability374', 'mutability375', 'mutability376', 'mutability377', 'mutability378', 'mutability379', 'mutability380', 'mutability381', 'mutability382', 'mutability383', 'mutability384', 'mutability385', 'mutability386', 'mutability387', 'mutability388', 'mutability389', 'mutability390', 'mutability391', 'mutability392', 'mutability393', 'mutability394', 'mutability395', 'mutability396', 'mutability397', 'mutability398', 'mutability399', 'mutability400', 'mutability401', 'mutability402', 'mutability403', 'mutability404', 'mutability405', 'mutability406', 'mutability407', 'mutability408', 'mutability409', 'mutability410', 'mutability411', 'mutability412', 'mutability413', 'mutability414', 'mutability415', 'mutability416', 'mutability417', 'mutability418', 'mutability419', 'mutability420', 'mutability421', 'mutability422', 'mutability423', 'mutability424', 'mutability425', 'mutability426', 'mutability427', 'mutability428', 'mutability429', 'mutability430', 'mutability431', 'mutability432', 'mutability433', 'mutability434', 'mutability435', 'mutability436', 'mutability437', 'mutability438', 'mutability439', 'mutability440', 'mutability441', 'mutability442', 'mutability443', 'mutability444', 'mutability445', 'mutability446', 'mutability447', 'mutability448', 'mutability449', 'mutability450', 'mutability451', 'mutability452', 'mutability453', 'mutability454', 'mutability455', 'mutability456', 'mutability457', 'mutability458', 'mutability459', 'mutability460', 'mutability461', 'mutability462', 'mutability463', 'mutability464', 'mutability465', 'mutability466', 'mutability467', 'mutability468', 'mutability469', 'mutability470', 'mutability471', 'mutability472', 'mutability473', 'mutability474', 'mutability475', 'mutability476', 'mutability477', 'mutability478', 'mutability479', 'mutability480', 'mutability481', 'mutability482', 'mutability483', [... truncated]
Flavors: r-devel-linux-x86_64-debian-clang, r-devel-linux-x86_64-debian-gcc

Version: 0.1.10
Check: whether package can be installed
Result: WARN
    Found the following significant warnings:
     The prototype for class “RegionDefinition” has undefined slot(s): 'boundaries1', 'boundaries2', 'boundaries3', 'boundaries4', 'boundaries5', 'boundaries6', 'boundaries7', 'boundaries8', 'boundaries9', 'boundaries10', 'boundaries11', 'boundaries12', 'boundaries13', 'boundaries14', 'boundaries15', 'boundaries16', 'boundaries17', 'boundaries18', 'boundaries19', 'boundaries20', 'boundaries21', 'boundaries22', 'boundaries23', 'boundaries24', 'boundaries25', 'boundaries26', 'boundaries27', 'boundaries28', 'boundaries29', 'boundaries30', 'boundaries31', 'boundaries32', 'boundaries33', 'boundaries34', 'boundaries35', 'boundaries36', 'boundaries37', 'boundaries38', 'boundaries39', 'boundaries40', 'boundaries41', 'boundaries42', 'boundaries43', 'boundaries44', 'boundaries45', 'boundaries46', 'boundaries47', 'boundaries48', 'boundaries49', 'boundaries50', 'boundaries51', 'boundaries52', 'boundaries53', 'boundaries54', 'boundaries55', 'boundaries56', 'boundaries57', 'boundaries58', 'boundaries [... truncated]
     The prototype for class “TargetingModel” has undefined slot(s): 'mutability1', 'mutability2', 'mutability3', 'mutability4', 'mutability5', 'mutability6', 'mutability7', 'mutability8', 'mutability9', 'mutability10', 'mutability11', 'mutability12', 'mutability13', 'mutability14', 'mutability15', 'mutability16', 'mutability17', 'mutability18', 'mutability19', 'mutability20', 'mutability21', 'mutability22', 'mutability23', 'mutability24', 'mutability25', 'mutability26', 'mutability27', 'mutability28', 'mutability29', 'mutability30', 'mutability31', 'mutability32', 'mutability33', 'mutability34', 'mutability35', 'mutability36', 'mutability37', 'mutability38', 'mutability39', 'mutability40', 'mutability41', 'mutability42', 'mutability43', 'mutability44', 'mutability45', 'mutability46', 'mutability47', 'mutability48', 'mutability49', 'mutability50', 'mutability51', 'mutability52', 'mutability53', 'mutability54', 'mutability55', 'mutability56', 'mutability57', 'mutability58', 'mutability59 [... truncated]
Flavors: r-devel-linux-x86_64-fedora-clang, r-devel-linux-x86_64-fedora-gcc

Version: 0.1.10
Check: whether package can be installed
Result: WARN
    Found the following significant warnings:
     The prototype for class "RegionDefinition" has undefined slot(s): 'boundaries1', 'boundaries2', 'boundaries3', 'boundaries4', 'boundaries5', 'boundaries6', 'boundaries7', 'boundaries8', 'boundaries9', 'boundaries10', 'boundaries11', 'boundaries12', 'boundaries13', 'boundaries14', 'boundaries15', 'boundaries16', 'boundaries17', 'boundaries18', 'boundaries19', 'boundaries20', 'boundaries21', 'boundaries22', 'boundaries23', 'boundaries24', 'boundaries25', 'boundaries26', 'boundaries27', 'boundaries28', 'boundaries29', 'boundaries30', 'boundaries31', 'boundaries32', 'boundaries33', 'boundaries34', 'boundaries35', 'boundaries36', 'boundaries37', 'boundaries38', 'boundaries39', 'boundaries40', 'boundaries41', 'boundaries42', 'boundaries43', 'boundaries44', 'boundaries45', 'boundaries46', 'boundaries47', 'boundaries48', 'boundaries49', 'boundaries50', 'boundaries51', 'boundaries52', 'boundaries53', 'boundaries54', 'boundaries55', 'boundaries56', 'boundaries57', 'boundaries58', 'boundaries59', [... truncated]
     The prototype for class "TargetingModel" has undefined slot(s): 'mutability1', 'mutability2', 'mutability3', 'mutability4', 'mutability5', 'mutability6', 'mutability7', 'mutability8', 'mutability9', 'mutability10', 'mutability11', 'mutability12', 'mutability13', 'mutability14', 'mutability15', 'mutability16', 'mutability17', 'mutability18', 'mutability19', 'mutability20', 'mutability21', 'mutability22', 'mutability23', 'mutability24', 'mutability25', 'mutability26', 'mutability27', 'mutability28', 'mutability29', 'mutability30', 'mutability31', 'mutability32', 'mutability33', 'mutability34', 'mutability35', 'mutability36', 'mutability37', 'mutability38', 'mutability39', 'mutability40', 'mutability41', 'mutability42', 'mutability43', 'mutability44', 'mutability45', 'mutability46', 'mutability47', 'mutability48', 'mutability49', 'mutability50', 'mutability51', 'mutability52', 'mutability53', 'mutability54', 'mutability55', 'mutability56', 'mutability57', 'mutability58', 'mutability59', ' [... truncated]
Flavor: r-devel-windows-ix86+x86_64