CRAN Package Check Results for Package shazam

Last updated on 2018-08-15 18:48:14 CEST.

Flavor Version Tinstall Tcheck Ttotal Status Flags
r-devel-linux-x86_64-debian-clang 0.1.9 12.02 420.50 432.52 OK
r-devel-linux-x86_64-debian-gcc 0.1.9 11.01 311.92 322.93 OK
r-devel-linux-x86_64-fedora-clang 0.1.9 527.02 NOTE
r-devel-linux-x86_64-fedora-gcc 0.1.9 501.73 NOTE
r-devel-windows-ix86+x86_64 0.1.9 17.00 435.00 452.00 OK
r-patched-linux-x86_64 0.1.9 11.01 411.81 422.82 OK
r-patched-solaris-x86 0.1.9 649.20 NOTE
r-release-linux-x86_64 0.1.9 12.10 403.76 415.86 OK
r-release-windows-ix86+x86_64 0.1.9 18.00 446.00 464.00 OK
r-release-osx-x86_64 0.1.9 NOTE
r-oldrel-windows-ix86+x86_64 0.1.9 23.00 603.00 626.00 OK
r-oldrel-osx-x86_64 0.1.9 NOTE

Check Details

Version: 0.1.9
Check: data for non-ASCII characters
Result: NOTE
     Note: found 2 marked UTF-8 strings
Flavors: r-devel-linux-x86_64-fedora-clang, r-devel-linux-x86_64-fedora-gcc, r-patched-solaris-x86, r-release-osx-x86_64, r-oldrel-osx-x86_64