CRAN Package Check Results for Package shiny

Last updated on 2019-08-21 18:48:04 CEST.

Flavor Version Tinstall Tcheck Ttotal Status Flags
r-devel-linux-x86_64-debian-clang 1.3.2 31.05 82.40 113.45 OK
r-devel-linux-x86_64-debian-gcc 1.3.2 OK
r-devel-linux-x86_64-fedora-clang 1.3.2 139.56 NOTE
r-devel-linux-x86_64-fedora-gcc 1.3.2 153.16 OK
r-devel-windows-ix86+x86_64 1.3.2 71.00 119.00 190.00 NOTE
r-patched-linux-x86_64 1.3.2 29.78 80.98 110.76 OK
r-patched-solaris-x86 1.3.2 180.00 NOTE
r-release-linux-x86_64 1.3.2 28.16 81.31 109.47 OK
r-release-windows-ix86+x86_64 1.3.2 49.00 106.00 155.00 NOTE
r-release-osx-x86_64 1.3.2 NOTE
r-oldrel-windows-ix86+x86_64 1.3.2 63.00 135.00 198.00 NOTE
r-oldrel-osx-x86_64 1.3.2 NOTE

Check Details

Version: 1.3.2
Check: installed package size
Result: NOTE
     installed size is 10.5Mb
     sub-directories of 1Mb or more:
     R 1.5Mb
     www 8.0Mb
Flavors: r-devel-linux-x86_64-fedora-clang, r-devel-windows-ix86+x86_64, r-patched-solaris-x86, r-release-windows-ix86+x86_64, r-release-osx-x86_64, r-oldrel-windows-ix86+x86_64, r-oldrel-osx-x86_64