CRAN Package Check Results for Package shiny

Last updated on 2019-12-14 18:46:45 CET.

Flavor Version Tinstall Tcheck Ttotal Status Flags
r-devel-linux-x86_64-debian-clang 1.4.0 38.01 97.69 135.70 OK
r-devel-linux-x86_64-debian-gcc 1.4.0 30.14 74.20 104.34 OK
r-devel-linux-x86_64-fedora-clang 1.4.0 162.35 NOTE
r-devel-linux-x86_64-fedora-gcc 1.4.0 159.98 OK
r-devel-windows-ix86+x86_64 1.4.0 58.00 150.00 208.00 NOTE
r-devel-windows-ix86+x86_64-gcc8 1.4.0 56.00 165.00 221.00 NOTE
r-patched-linux-x86_64 1.4.0 31.07 87.73 118.80 OK
r-patched-solaris-x86 1.4.0 189.20 NOTE
r-release-linux-x86_64 1.4.0 28.17 87.78 115.95 OK
r-release-windows-ix86+x86_64 1.4.0 49.00 112.00 161.00 NOTE
r-release-osx-x86_64 1.4.0 NOTE
r-oldrel-windows-ix86+x86_64 1.4.0 45.00 104.00 149.00 NOTE
r-oldrel-osx-x86_64 1.4.0 NOTE

Check Details

Version: 1.4.0
Check: installed package size
Result: NOTE
     installed size is 10.9Mb
     sub-directories of 1Mb or more:
     R 1.5Mb
     www 8.3Mb
Flavors: r-devel-linux-x86_64-fedora-clang, r-devel-windows-ix86+x86_64, r-devel-windows-ix86+x86_64-gcc8, r-patched-solaris-x86, r-release-windows-ix86+x86_64, r-release-osx-x86_64, r-oldrel-windows-ix86+x86_64, r-oldrel-osx-x86_64