Last updated on 2022-08-18 05:52:43 CEST.
Flavor | Version | Tinstall | Tcheck | Ttotal | Status | Flags |
---|---|---|---|---|---|---|
r-devel-linux-x86_64-debian-clang | 0.4.3 | 7.16 | 65.96 | 73.12 | OK | |
r-devel-linux-x86_64-debian-gcc | 0.4.3 | 6.02 | 50.34 | 56.36 | OK | |
r-devel-linux-x86_64-fedora-clang | 0.4.3 | 99.08 | NOTE | |||
r-devel-linux-x86_64-fedora-gcc | 0.4.3 | 100.49 | OK | |||
r-devel-windows-x86_64 | 0.4.3 | 149.00 | 132.00 | 281.00 | NOTE | |
r-patched-linux-x86_64 | 0.4.3 | 7.46 | 60.77 | 68.23 | OK | |
r-release-linux-x86_64 | 0.4.3 | 7.48 | 61.69 | 69.17 | OK | |
r-release-macos-arm64 | 0.4.3 | 29.00 | NOTE | |||
r-release-macos-x86_64 | 0.4.3 | 54.00 | NOTE | |||
r-release-windows-x86_64 | 0.4.3 | 199.00 | 115.00 | 314.00 | NOTE | |
r-oldrel-macos-arm64 | 0.4.3 | 31.00 | NOTE | |||
r-oldrel-macos-x86_64 | 0.4.3 | 48.00 | NOTE | |||
r-oldrel-windows-ix86+x86_64 | 0.4.3 | 18.00 | 107.00 | 125.00 | NOTE |
Version: 0.4.3
Check: installed package size
Result: NOTE
installed size is 11.3Mb
sub-directories of 1Mb or more:
help 2.5Mb
www 8.1Mb
Flavors: r-devel-linux-x86_64-fedora-clang, r-devel-windows-x86_64, r-release-macos-arm64, r-release-macos-x86_64, r-release-windows-x86_64, r-oldrel-macos-arm64, r-oldrel-macos-x86_64, r-oldrel-windows-ix86+x86_64