CRAN Package Check Results for Package shiny.worker

Last updated on 2022-12-10 08:53:44 CET.

Flavor Version Tinstall Tcheck Ttotal Status Flags
r-devel-linux-x86_64-debian-clang 0.0.1 3.06 24.36 27.42 NOTE
r-devel-linux-x86_64-debian-gcc 0.0.1 2.76 19.16 21.92 NOTE
r-devel-linux-x86_64-fedora-clang 0.0.1 48.40 NOTE
r-devel-linux-x86_64-fedora-gcc 0.0.1 44.06 NOTE
r-devel-windows-x86_64 0.0.1 10.00 50.00 60.00 NOTE
r-patched-linux-x86_64 0.0.1 3.11 24.12 27.23 NOTE
r-release-linux-x86_64 0.0.1 2.12 23.35 25.47 NOTE
r-release-macos-arm64 0.0.1 16.00 NOTE
r-release-macos-x86_64 0.0.1 25.00 NOTE
r-release-windows-x86_64 0.0.1 11.00 52.00 63.00 NOTE
r-oldrel-macos-arm64 0.0.1 19.00 NOTE
r-oldrel-macos-x86_64 0.0.1 24.00 NOTE
r-oldrel-windows-ix86+x86_64 0.0.1 8.00 53.00 61.00 NOTE

Check Details

Version: 0.0.1
Check: LazyData
Result: NOTE
     'LazyData' is specified without a 'data' directory
Flavors: r-devel-linux-x86_64-debian-clang, r-devel-linux-x86_64-debian-gcc, r-devel-linux-x86_64-fedora-clang, r-devel-linux-x86_64-fedora-gcc, r-devel-windows-x86_64, r-patched-linux-x86_64, r-release-linux-x86_64, r-release-macos-arm64, r-release-macos-x86_64, r-release-windows-x86_64, r-oldrel-macos-arm64, r-oldrel-macos-x86_64, r-oldrel-windows-ix86+x86_64

Version: 0.0.1
Check: dependencies in R code
Result: NOTE
    Namespaces in Imports field not imported from:
     ‘R6’ ‘shiny’
     All declared Imports should be used.
Flavors: r-devel-linux-x86_64-fedora-clang, r-devel-linux-x86_64-fedora-gcc, r-release-macos-arm64, r-release-macos-x86_64, r-oldrel-macos-arm64, r-oldrel-macos-x86_64