CRAN Package Check Results for Package shinyMolBio

Last updated on 2024-02-29 22:58:58 CET.

Flavor Version Tinstall Tcheck Ttotal Status Flags
r-devel-linux-x86_64-debian-clang 0.2 9.32 77.03 86.35 NOTE
r-devel-linux-x86_64-debian-gcc 0.2 8.15 57.74 65.89 NOTE
r-devel-linux-x86_64-fedora-clang 0.2 107.32 NOTE
r-devel-linux-x86_64-fedora-gcc 0.2 111.51 NOTE
r-devel-windows-x86_64 0.2 9.00 74.00 83.00 NOTE
r-patched-linux-x86_64 0.2 6.51 73.87 80.38 NOTE
r-release-linux-x86_64 0.2 5.74 73.25 78.99 NOTE
r-release-macos-arm64 0.2 35.00 NOTE
r-release-macos-x86_64 0.2 54.00 NOTE
r-release-windows-x86_64 0.2 12.00 88.00 100.00 NOTE
r-oldrel-macos-arm64 0.2 35.00 NOTE
r-oldrel-windows-x86_64 0.2 12.00 92.00 104.00 NOTE

Check Details

Version: 0.2
Check: LazyData
Result: NOTE 'LazyData' is specified without a 'data' directory Flavors: r-devel-linux-x86_64-debian-clang, r-devel-linux-x86_64-debian-gcc, r-devel-linux-x86_64-fedora-clang, r-devel-linux-x86_64-fedora-gcc, r-devel-windows-x86_64, r-patched-linux-x86_64, r-release-linux-x86_64, r-release-macos-arm64, r-release-macos-x86_64, r-release-windows-x86_64, r-oldrel-macos-arm64, r-oldrel-windows-x86_64