CRAN Package Check Results for Package shinyTime

Last updated on 2022-05-28 15:51:09 CEST.

Flavor Version Tinstall Tcheck Ttotal Status Flags
r-devel-linux-x86_64-debian-clang 1.0.1 4.07 47.16 51.23 NOTE
r-devel-linux-x86_64-debian-gcc 1.0.1 3.09 36.56 39.65 NOTE
r-devel-linux-x86_64-fedora-clang 1.0.1 61.50 NOTE
r-devel-linux-x86_64-fedora-gcc 1.0.1 49.92 NOTE
r-devel-windows-x86_64 1.0.1 25.00 64.00 89.00 NOTE
r-patched-linux-x86_64 1.0.1 3.08 45.26 48.34 NOTE
r-release-linux-x86_64 1.0.1 3.76 45.57 49.33 NOTE
r-release-macos-arm64 1.0.1 21.00 NOTE
r-release-macos-x86_64 1.0.1 35.00 NOTE
r-release-windows-x86_64 1.0.1 20.00 103.00 123.00 NOTE
r-oldrel-macos-arm64 1.0.1 25.00 NOTE
r-oldrel-macos-x86_64 1.0.1 35.00 NOTE
r-oldrel-windows-ix86+x86_64 1.0.1 11.00 63.00 74.00 NOTE

Check Details

Version: 1.0.1
Check: LazyData
Result: NOTE
     'LazyData' is specified without a 'data' directory
Flavors: r-devel-linux-x86_64-debian-clang, r-devel-linux-x86_64-debian-gcc, r-devel-linux-x86_64-fedora-clang, r-devel-linux-x86_64-fedora-gcc, r-devel-windows-x86_64, r-patched-linux-x86_64, r-release-linux-x86_64, r-release-macos-arm64, r-release-macos-x86_64, r-release-windows-x86_64, r-oldrel-macos-arm64, r-oldrel-macos-x86_64, r-oldrel-windows-ix86+x86_64