CRAN Package Check Results for Package shinycustomloader

Last updated on 2021-04-14 16:47:41 CEST.

Flavor Version Tinstall Tcheck Ttotal Status Flags
r-devel-linux-x86_64-debian-clang 0.9.0 2.90 32.75 35.65 NOTE
r-devel-linux-x86_64-debian-gcc 0.9.0 2.36 25.88 28.24 NOTE
r-devel-linux-x86_64-fedora-clang 0.9.0 55.08 NOTE
r-devel-linux-x86_64-fedora-gcc 0.9.0 42.92 NOTE
r-devel-windows-ix86+x86_64 0.9.0 8.00 43.00 51.00 NOTE
r-devel-windows-x86_64-gcc10-UCRT 0.9.0 NOTE
r-patched-linux-x86_64 0.9.0 2.65 31.95 34.60 OK
r-patched-solaris-x86 0.9.0 67.80 OK
r-release-linux-x86_64 0.9.0 2.96 31.96 34.92 OK
r-release-macos-x86_64 0.9.0 OK
r-release-windows-ix86+x86_64 0.9.0 18.00 53.00 71.00 OK
r-oldrel-macos-x86_64 0.9.0 OK
r-oldrel-windows-ix86+x86_64 0.9.0 7.00 39.00 46.00 OK

Check Details

Version: 0.9.0
Check: LazyData
Result: NOTE
     'LazyData' is specified without a 'data' directory
Flavors: r-devel-linux-x86_64-debian-clang, r-devel-linux-x86_64-debian-gcc, r-devel-linux-x86_64-fedora-clang, r-devel-linux-x86_64-fedora-gcc, r-devel-windows-ix86+x86_64, r-devel-windows-x86_64-gcc10-UCRT