CRAN Package Check Results for Package shinydisconnect

Last updated on 2022-08-13 07:11:46 CEST.

Flavor Version Tinstall Tcheck Ttotal Status Flags
r-devel-linux-x86_64-debian-clang 0.1.0 2.19 20.34 22.53 NOTE
r-devel-linux-x86_64-debian-gcc 0.1.0 1.70 16.47 18.17 NOTE
r-devel-linux-x86_64-fedora-clang 0.1.0 38.58 NOTE
r-devel-linux-x86_64-fedora-gcc 0.1.0 38.84 NOTE
r-devel-windows-x86_64 0.1.0 13.00 45.00 58.00 NOTE
r-patched-linux-x86_64 0.1.0 1.90 19.86 21.76 NOTE
r-release-linux-x86_64 0.1.0 1.58 20.36 21.94 NOTE
r-release-macos-arm64 0.1.0 14.00 NOTE
r-release-macos-x86_64 0.1.0 26.00 NOTE
r-release-windows-x86_64 0.1.0 26.00 47.00 73.00 NOTE
r-oldrel-macos-arm64 0.1.0 21.00 NOTE
r-oldrel-macos-x86_64 0.1.0 22.00 NOTE
r-oldrel-windows-ix86+x86_64 0.1.0 6.00 44.00 50.00 NOTE

Check Details

Version: 0.1.0
Check: LazyData
Result: NOTE
     'LazyData' is specified without a 'data' directory
Flavors: r-devel-linux-x86_64-debian-clang, r-devel-linux-x86_64-debian-gcc, r-devel-linux-x86_64-fedora-clang, r-devel-linux-x86_64-fedora-gcc, r-devel-windows-x86_64, r-patched-linux-x86_64, r-release-linux-x86_64, r-release-macos-arm64, r-release-macos-x86_64, r-release-windows-x86_64, r-oldrel-macos-arm64, r-oldrel-macos-x86_64, r-oldrel-windows-ix86+x86_64

Version: 0.1.0
Check: dependencies in R code
Result: NOTE
    Namespace in Imports field not imported from: ‘shiny’
     All declared Imports should be used.
Flavors: r-devel-linux-x86_64-fedora-clang, r-devel-linux-x86_64-fedora-gcc, r-release-macos-arm64, r-release-macos-x86_64, r-oldrel-macos-arm64, r-oldrel-macos-x86_64