CRAN Package Check Results for Package shinyhelper

Last updated on 2021-10-26 06:50:38 CEST.

Flavor Version Tinstall Tcheck Ttotal Status Flags
r-devel-linux-x86_64-debian-clang 0.3.2 1.99 19.89 21.88 OK
r-devel-linux-x86_64-debian-gcc 0.3.2 1.58 15.79 17.37 OK
r-devel-linux-x86_64-fedora-clang 0.3.2 37.22 NOTE
r-devel-linux-x86_64-fedora-gcc 0.3.2 26.87 NOTE
r-devel-windows-x86_64 0.3.2 4.00 31.00 35.00 OK
r-devel-windows-x86_64-gcc10-UCRT NOTE
r-patched-linux-x86_64 0.3.2 1.98 19.39 21.37 OK
r-patched-solaris-x86 0.3.2 42.80 NOTE
r-release-linux-x86_64 0.3.2 2.00 19.47 21.47 OK
r-release-macos-arm64 0.3.2 NOTE
r-release-macos-x86_64 0.3.2 NOTE
r-release-windows-ix86+x86_64 0.3.2 4.00 37.00 41.00 OK
r-oldrel-macos-x86_64 0.3.2 NOTE
r-oldrel-windows-ix86+x86_64 0.3.2 5.00 37.00 42.00 OK

Check Details

Version: 0.3.2
Check: dependencies in R code
Result: NOTE
    Namespace in Imports field not imported from: ‘markdown’
     All declared Imports should be used.
Flavors: r-devel-linux-x86_64-fedora-clang, r-devel-linux-x86_64-fedora-gcc, r-devel-windows-x86_64-gcc10-UCRT, r-patched-solaris-x86, r-release-macos-arm64, r-release-macos-x86_64, r-oldrel-macos-x86_64