CRAN Package Check Results for Package shinyhttr

Last updated on 2021-05-06 22:55:35 CEST.

Flavor Version Tinstall Tcheck Ttotal Status Flags
r-devel-linux-x86_64-debian-clang 1.1.0 1.98 20.85 22.83 NOTE
r-devel-linux-x86_64-debian-gcc 1.1.0 1.62 16.59 18.21 NOTE
r-devel-linux-x86_64-fedora-clang 1.1.0 38.90 NOTE
r-devel-linux-x86_64-fedora-gcc 1.1.0 27.54 NOTE
r-devel-windows-ix86+x86_64 1.1.0 15.00 38.00 53.00 NOTE
r-devel-windows-x86_64-gcc10-UCRT 1.1.0 NOTE
r-patched-linux-x86_64 1.1.0 1.98 20.26 22.24 NOTE
r-patched-solaris-x86 1.1.0 42.40 NOTE
r-release-linux-x86_64 1.1.0 1.87 20.36 22.23 OK
r-release-macos-x86_64 1.1.0 NOTE
r-release-windows-ix86+x86_64 1.1.0 4.00 30.00 34.00 OK
r-oldrel-macos-x86_64 1.1.0 NOTE
r-oldrel-windows-ix86+x86_64 1.1.0 3.00 28.00 31.00 OK

Check Details

Version: 1.1.0
Check: LazyData
Result: NOTE
     'LazyData' is specified without a 'data' directory
Flavors: r-devel-linux-x86_64-debian-clang, r-devel-linux-x86_64-debian-gcc, r-devel-linux-x86_64-fedora-clang, r-devel-linux-x86_64-fedora-gcc, r-devel-windows-ix86+x86_64, r-devel-windows-x86_64-gcc10-UCRT, r-patched-linux-x86_64

Version: 1.1.0
Check: dependencies in R code
Result: NOTE
    Namespace in Imports field not imported from: ‘httr’
     All declared Imports should be used.
Flavors: r-devel-linux-x86_64-fedora-clang, r-devel-linux-x86_64-fedora-gcc, r-devel-windows-x86_64-gcc10-UCRT, r-patched-solaris-x86, r-release-macos-x86_64, r-oldrel-macos-x86_64